CRAN Package Check Results for Package RPyGeo

Last updated on 2023-02-06 06:52:08 CET.

Flavor Version Tinstall Tcheck Ttotal Status Flags
r-devel-linux-x86_64-debian-clang 1.0.0 2.40 42.92 45.32 NOTE
r-devel-linux-x86_64-debian-gcc 1.0.0 2.13 33.19 35.32 NOTE
r-devel-linux-x86_64-fedora-clang 1.0.0 57.62 NOTE
r-devel-linux-x86_64-fedora-gcc 1.0.0 67.67 NOTE
r-devel-windows-x86_64 1.0.0 14.00 77.00 91.00 NOTE
r-patched-linux-x86_64 1.0.0 2.39 42.75 45.14 NOTE
r-release-linux-x86_64 1.0.0 2.09 43.53 45.62 NOTE
r-release-macos-arm64 1.0.0 18.00 NOTE
r-release-macos-x86_64 1.0.0 30.00 NOTE
r-release-windows-x86_64 1.0.0 20.00 79.00 99.00 NOTE
r-oldrel-macos-arm64 1.0.0 21.00 NOTE
r-oldrel-macos-x86_64 1.0.0 33.00 NOTE
r-oldrel-windows-ix86+x86_64 1.0.0 7.00 71.00 78.00 NOTE

Check Details

Version: 1.0.0
Check: LazyData
Result: NOTE
     'LazyData' is specified without a 'data' directory
Flavors: r-devel-linux-x86_64-debian-clang, r-devel-linux-x86_64-debian-gcc, r-devel-linux-x86_64-fedora-clang, r-devel-linux-x86_64-fedora-gcc, r-devel-windows-x86_64, r-patched-linux-x86_64, r-release-linux-x86_64, r-release-macos-arm64, r-release-macos-x86_64, r-release-windows-x86_64, r-oldrel-macos-arm64, r-oldrel-macos-x86_64, r-oldrel-windows-ix86+x86_64