CRAN Package Check Results for Package RPPASPACE

Last updated on 2023-02-08 06:56:37 CET.

Flavor Version Tinstall Tcheck Ttotal Status Flags
r-devel-linux-x86_64-debian-clang 1.0.8 18.24 137.95 156.19 OK
r-devel-linux-x86_64-debian-gcc 1.0.8 15.74 105.57 121.31 OK
r-devel-linux-x86_64-fedora-clang 1.0.8 220.08 NOTE
r-devel-linux-x86_64-fedora-gcc 1.0.8 204.86 NOTE
r-devel-windows-x86_64 1.0.8 37.00 175.00 212.00 OK
r-patched-linux-x86_64 1.0.8 18.09 129.56 147.65 OK
r-release-linux-x86_64 1.0.8 15.72 134.96 150.68 OK
r-release-macos-arm64 1.0.8 67.00 NOTE
r-release-macos-x86_64 1.0.8 72.00 NOTE
r-release-windows-x86_64 1.0.8 74.00 180.00 254.00 OK
r-oldrel-macos-arm64 1.0.8 70.00 NOTE
r-oldrel-macos-x86_64 1.0.8 65.00 NOTE
r-oldrel-windows-ix86+x86_64 1.0.8 38.00 162.00 200.00 OK

Check Details

Version: 1.0.8
Check: dependencies in R code
Result: NOTE
    Namespaces in Imports field not imported from:
     ‘SparseM’ ‘nlme’ ‘timeDate’
     All declared Imports should be used.
Flavors: r-devel-linux-x86_64-fedora-clang, r-devel-linux-x86_64-fedora-gcc, r-release-macos-arm64, r-release-macos-x86_64, r-oldrel-macos-arm64, r-oldrel-macos-x86_64