CRAN Package Check Results for Package ROpenWeatherMap

Last updated on 2023-02-04 08:01:26 CET.

Flavor Version Tinstall Tcheck Ttotal Status Flags
r-devel-linux-x86_64-debian-clang 1.1 2.72 28.18 30.90 NOTE
r-devel-linux-x86_64-debian-gcc 1.1 2.36 22.39 24.75 NOTE
r-devel-linux-x86_64-fedora-clang 1.1 39.60 NOTE
r-devel-linux-x86_64-fedora-gcc 1.1 41.85 NOTE
r-devel-windows-x86_64 1.1 14.00 56.00 70.00 NOTE
r-patched-linux-x86_64 1.1 2.83 27.94 30.77 NOTE
r-release-linux-x86_64 1.1 2.02 28.46 30.48 NOTE
r-release-macos-arm64 1.1 14.00 NOTE
r-release-macos-x86_64 1.1 25.00 NOTE
r-release-windows-x86_64 1.1 13.00 60.00 73.00 NOTE
r-oldrel-macos-arm64 1.1 19.00 NOTE
r-oldrel-macos-x86_64 1.1 26.00 NOTE
r-oldrel-windows-ix86+x86_64 1.1 6.00 54.00 60.00 NOTE

Check Details

Version: 1.1
Check: LazyData
Result: NOTE
     'LazyData' is specified without a 'data' directory
Flavors: r-devel-linux-x86_64-debian-clang, r-devel-linux-x86_64-debian-gcc, r-devel-linux-x86_64-fedora-clang, r-devel-linux-x86_64-fedora-gcc, r-devel-windows-x86_64, r-patched-linux-x86_64, r-release-linux-x86_64, r-release-macos-arm64, r-release-macos-x86_64, r-release-windows-x86_64, r-oldrel-macos-arm64, r-oldrel-macos-x86_64, r-oldrel-windows-ix86+x86_64