CRAN Package Check Results for Package ROMDB

Last updated on 2023-01-27 07:50:43 CET.

Flavor Version Tinstall Tcheck Ttotal Status Flags
r-devel-linux-x86_64-debian-clang 0.1.0 5.71 49.90 55.61 NOTE
r-devel-linux-x86_64-debian-gcc 0.1.0 4.39 38.10 42.49 NOTE
r-devel-linux-x86_64-fedora-clang 0.1.0 70.45 NOTE
r-devel-linux-x86_64-fedora-gcc 0.1.0 70.59 NOTE
r-devel-windows-x86_64 0.1.0 18.00 76.00 94.00 NOTE
r-patched-linux-x86_64 0.1.0 5.36 49.60 54.96 NOTE
r-release-linux-x86_64 0.1.0 5.34 49.52 54.86 NOTE
r-release-macos-arm64 0.1.0 25.00 NOTE
r-release-macos-x86_64 0.1.0 48.00 NOTE
r-release-windows-x86_64 0.1.0 16.00 76.00 92.00 NOTE
r-oldrel-macos-arm64 0.1.0 37.00 NOTE
r-oldrel-macos-x86_64 0.1.0 39.00 NOTE
r-oldrel-windows-ix86+x86_64 0.1.0 15.00 79.00 94.00 NOTE

Check Details

Version: 0.1.0
Check: LazyData
Result: NOTE
     'LazyData' is specified without a 'data' directory
Flavors: r-devel-linux-x86_64-debian-clang, r-devel-linux-x86_64-debian-gcc, r-devel-linux-x86_64-fedora-clang, r-devel-linux-x86_64-fedora-gcc, r-devel-windows-x86_64, r-patched-linux-x86_64, r-release-linux-x86_64, r-release-macos-arm64, r-release-macos-x86_64, r-release-windows-x86_64, r-oldrel-macos-arm64, r-oldrel-macos-x86_64, r-oldrel-windows-ix86+x86_64