CRAN Package Check Results for Package ROI.plugin.cplex

Last updated on 2024-06-15 07:49:23 CEST.

Flavor Version Tinstall Tcheck Ttotal Status Flags
r-devel-linux-x86_64-debian-clang 0.3-0 0.42 2.13 2.55 ERROR --no-tests
r-devel-linux-x86_64-debian-gcc 0.3-0 4.46 36.13 40.59 OK --no-tests
r-patched-linux-x86_64 0.3-0 0.42 2.10 2.52 ERROR --no-tests
r-release-linux-x86_64 0.3-0 0.33 1.90 2.23 ERROR --no-tests
r-release-macos-arm64 0.3-0 5.00 ERROR
r-release-macos-x86_64 0.3-0 8.00 ERROR
r-release-windows-x86_64 0.3-0 1.00 4.00 5.00 ERROR
r-oldrel-macos-arm64 0.3-0 10.00 ERROR
r-oldrel-macos-x86_64 0.3-0 11.00 ERROR
r-oldrel-windows-x86_64 0.3-0 1.00 7.00 8.00 ERROR

Check Details

Version: 0.3-0
Flags: --no-tests
Check: package dependencies
Result: ERROR Package required but not available: ‘Rcplex’ See section ‘The DESCRIPTION file’ in the ‘Writing R Extensions’ manual. Flavors: r-devel-linux-x86_64-debian-clang, r-patched-linux-x86_64, r-release-linux-x86_64

Version: 0.3-0
Check: package dependencies
Result: ERROR Package required but not available: ‘Rcplex’ See section ‘The DESCRIPTION file’ in the ‘Writing R Extensions’ manual. Flavors: r-release-macos-arm64, r-release-macos-x86_64, r-release-windows-x86_64, r-oldrel-macos-arm64, r-oldrel-macos-x86_64, r-oldrel-windows-x86_64