CRAN Package Check Results for Package ROCket

Last updated on 2023-02-04 08:01:26 CET.

Flavor Version Tinstall Tcheck Ttotal Status Flags
r-devel-linux-x86_64-debian-clang 1.0.1 3.11 33.52 36.63 NOTE
r-devel-linux-x86_64-debian-gcc 1.0.1 2.18 24.66 26.84 NOTE
r-devel-linux-x86_64-fedora-clang 1.0.1 44.33 NOTE
r-devel-linux-x86_64-fedora-gcc 1.0.1 44.33 NOTE
r-devel-windows-x86_64 1.0.1 17.00 60.00 77.00 NOTE
r-patched-linux-x86_64 1.0.1 4.60 31.06 35.66 NOTE
r-release-linux-x86_64 1.0.1 3.23 30.94 34.17 NOTE
r-release-macos-arm64 1.0.1 16.00 NOTE
r-release-macos-x86_64 1.0.1 26.00 NOTE
r-release-windows-x86_64 1.0.1 14.00 63.00 77.00 NOTE
r-oldrel-macos-arm64 1.0.1 19.00 NOTE
r-oldrel-macos-x86_64 1.0.1 31.00 NOTE
r-oldrel-windows-ix86+x86_64 1.0.1 8.00 57.00 65.00 NOTE

Check Details

Version: 1.0.1
Check: LazyData
Result: NOTE
     'LazyData' is specified without a 'data' directory
Flavors: r-devel-linux-x86_64-debian-clang, r-devel-linux-x86_64-debian-gcc, r-devel-linux-x86_64-fedora-clang, r-devel-linux-x86_64-fedora-gcc, r-devel-windows-x86_64, r-patched-linux-x86_64, r-release-linux-x86_64, r-release-macos-arm64, r-release-macos-x86_64, r-release-windows-x86_64, r-oldrel-macos-arm64, r-oldrel-macos-x86_64, r-oldrel-windows-ix86+x86_64