Last updated on 2023-11-28 07:53:15 CET.
Flavor | Version | Tinstall | Tcheck | Ttotal | Status | Flags |
---|---|---|---|---|---|---|
r-devel-linux-x86_64-debian-clang | 2.8.1 | 556.00 | 59.13 | 615.13 | OK | |
r-devel-linux-x86_64-debian-gcc | 2.8.1 | 387.39 | 54.48 | 441.87 | OK | |
r-devel-linux-x86_64-fedora-clang | 2.8.1 | 916.82 | NOTE | |||
r-devel-linux-x86_64-fedora-gcc | 2.8.1 | 996.97 | OK | |||
r-devel-windows-x86_64 | 2.8.1 | 416.00 | 102.00 | 518.00 | NOTE | |
r-patched-linux-x86_64 | 2.8.1 | 470.43 | 67.18 | 537.61 | OK | |
r-release-linux-x86_64 | 2.8.1 | 471.06 | 66.80 | 537.86 | OK | |
r-release-macos-arm64 | 2.8.1 | 146.00 | NOTE | |||
r-release-macos-x86_64 | 2.8.1 | 201.00 | NOTE | |||
r-release-windows-x86_64 | 2.8.1 | 539.00 | 121.00 | 660.00 | NOTE | |
r-oldrel-macos-arm64 | 2.8.1 | 149.00 | NOTE | |||
r-oldrel-macos-x86_64 | 2.8.1 | 227.00 | NOTE | |||
r-oldrel-windows-x86_64 | 2.8.1 | 508.00 | 102.00 | 610.00 | NOTE |
Version: 2.8.1
Check: installed package size
Result: NOTE
installed size is 5.4Mb
sub-directories of 1Mb or more:
extdata 2.0Mb
libs 3.2Mb
Flavors: r-devel-linux-x86_64-fedora-clang, r-devel-windows-x86_64, r-release-macos-arm64, r-release-macos-x86_64, r-release-windows-x86_64, r-oldrel-macos-arm64, r-oldrel-macos-x86_64, r-oldrel-windows-x86_64