CRAN Package Check Results for Package RNifti

Last updated on 2023-01-29 07:56:14 CET.

Flavor Version Tinstall Tcheck Ttotal Status Flags
r-devel-linux-x86_64-debian-clang 1.4.4 33.00 43.00 76.00 OK
r-devel-linux-x86_64-debian-gcc 1.4.4 29.36 32.86 62.22 WARN
r-devel-linux-x86_64-fedora-clang 1.4.4 106.27 OK
r-devel-linux-x86_64-fedora-gcc 1.4.4 114.55 WARN
r-devel-windows-x86_64 1.4.4 72.00 103.00 175.00 WARN
r-patched-linux-x86_64 1.4.4 32.64 39.88 72.52 OK
r-release-linux-x86_64 1.4.4 31.17 40.76 71.93 OK
r-release-macos-arm64 1.4.4 43.00 OK
r-release-macos-x86_64 1.4.4 48.00 NOTE
r-release-windows-x86_64 1.4.4 49.00 92.00 141.00 OK
r-oldrel-macos-arm64 1.4.4 39.00 OK
r-oldrel-macos-x86_64 1.4.4 50.00 NOTE
r-oldrel-windows-ix86+x86_64 1.4.4 76.00 112.00 188.00 OK

Additional issues

M1mac

Check Details

Version: 1.4.4
Check: whether package can be installed
Result: WARN
    Found the following significant warnings:
     ../inst/include/RNifti/NiftiImage.h:352:34: warning: ‘template<class _Category, class _Tp, class _Distance, class _Pointer, class _Reference> struct std::iterator’ is deprecated [-Wdeprecated-declarations]
    See ‘/home/hornik/tmp/R.check/r-devel-gcc/Work/PKGS/RNifti.Rcheck/00install.out’ for details.
    * used C compiler: ‘gcc-12 (Debian 12.2.0-14) 12.2.0’
    * used C++ compiler: ‘g++-12 (Debian 12.2.0-14) 12.2.0’
Flavor: r-devel-linux-x86_64-debian-gcc

Version: 1.4.4
Check: whether package can be installed
Result: WARN
    Found the following significant warnings:
     ../inst/include/RNifti/NiftiImage.h:352:34: warning: ‘template<class _Category, class _Tp, class _Distance, class _Pointer, class _Reference> struct std::iterator’ is deprecated [-Wdeprecated-declarations]
    See ‘/data/gannet/ripley/R/packages/tests-devel/RNifti.Rcheck/00install.out’ for details.
    * used C compiler: ‘gcc (GCC) 12.2.1 20221121 (Red Hat 12.2.1-4)’
    * used C++ compiler: ‘g++ (GCC) 12.2.1 20221121 (Red Hat 12.2.1-4)’
Flavor: r-devel-linux-x86_64-fedora-gcc

Version: 1.4.4
Check: whether package can be installed
Result: WARN
    Found the following significant warnings:
     ../inst/include/RNifti/NiftiImage.h:352:34: warning: 'template<class _Category, class _Tp, class _Distance, class _Pointer, class _Reference> struct std::iterator' is deprecated [-Wdeprecated-declarations]
    See 'd:/Rcompile/CRANpkg/local/4.3/RNifti.Rcheck/00install.out' for details.
    * used C compiler: 'gcc.exe (GCC) 12.2.0'
    * used C++ compiler: 'g++.exe (GCC) 12.2.0'
Flavor: r-devel-windows-x86_64

Version: 1.4.4
Check: installed package size
Result: NOTE
     installed size is 5.1Mb
     sub-directories of 1Mb or more:
     libs 3.9Mb
Flavors: r-release-macos-x86_64, r-oldrel-macos-x86_64