Last updated on 2023-05-31 07:57:41 CEST.
Flavor | Version | Tinstall | Tcheck | Ttotal | Status | Flags |
---|---|---|---|---|---|---|
r-devel-linux-x86_64-debian-clang | 2.6-2 | 22.46 | 43.87 | 66.33 | OK | |
r-devel-linux-x86_64-debian-gcc | 2.6-2 | 13.87 | 34.58 | 48.45 | OK | |
r-devel-linux-x86_64-fedora-clang | 2.6-2 | 81.66 | OK | |||
r-devel-linux-x86_64-fedora-gcc | 2.6-2 | 85.37 | OK | |||
r-devel-windows-x86_64 | 2.6-2 | 56.00 | 4.00 | 60.00 | ERROR | |
r-patched-linux-x86_64 | 2.6-2 | 16.70 | 43.03 | 59.73 | OK | |
r-release-linux-x86_64 | 2.6-2 | 13.52 | 43.13 | 56.65 | OK | |
r-release-macos-arm64 | 2.6-2 | 41.00 | NOTE | |||
r-release-macos-x86_64 | 2.6-2 | 61.00 | NOTE | |||
r-release-windows-x86_64 | 2.6-2 | 33.00 | 168.00 | 201.00 | NOTE | |
r-oldrel-macos-arm64 | 2.6-2 | 43.00 | NOTE | |||
r-oldrel-macos-x86_64 | 2.6-2 | 52.00 | NOTE | |||
r-oldrel-windows-x86_64 | 2.6-2 | 64.00 | 8.00 | 72.00 | ERROR |
Version: 2.6-2
Check: whether package can be installed
Result: ERROR
Installation failed.
Flavors: r-devel-windows-x86_64, r-oldrel-windows-x86_64
Version: 2.6-2
Check: package dependencies
Result: NOTE
Package which this enhances but not available for checking: ‘pbdMPI’
Flavors: r-release-macos-arm64, r-release-macos-x86_64, r-oldrel-macos-arm64, r-oldrel-macos-x86_64
Version: 2.6-2
Check: installed package size
Result: NOTE
installed size is 7.1Mb
sub-directories of 1Mb or more:
libs 6.8Mb
Flavors: r-release-macos-arm64, r-release-macos-x86_64, r-release-windows-x86_64, r-oldrel-macos-arm64, r-oldrel-macos-x86_64
Version: 2.6-2
Check: Rd cross-references
Result: NOTE
Package unavailable to check Rd xrefs: ‘pbdMPI’
Flavors: r-release-macos-arm64, r-release-macos-x86_64, r-oldrel-macos-arm64, r-oldrel-macos-x86_64