CRAN Package Check Results for Package RMCC

Last updated on 2024-05-24 08:00:00 CEST.

Flavor Version Tinstall Tcheck Ttotal Status Flags
r-devel-linux-x86_64-debian-clang 0.1.0 46.53 31.89 78.42 NOTE
r-devel-linux-x86_64-debian-gcc 0.1.0 33.13 24.43 57.56 NOTE
r-devel-linux-x86_64-fedora-clang 0.1.0 128.30 NOTE
r-devel-linux-x86_64-fedora-gcc 0.1.0 110.09 NOTE
r-devel-windows-x86_64 0.1.0 44.00 74.00 118.00 NOTE
r-patched-linux-x86_64 0.1.0 42.65 30.79 73.44 NOTE
r-release-linux-x86_64 0.1.0 48.15 30.68 78.83 NOTE
r-release-macos-arm64 0.1.0 30.00 NOTE
r-release-windows-x86_64 0.1.0 43.00 73.00 116.00 NOTE
r-oldrel-macos-arm64 0.1.0 31.00 NOTE
r-oldrel-macos-x86_64 0.1.0 48.00 NOTE
r-oldrel-windows-x86_64 0.1.0 46.00 81.00 127.00 NOTE

Additional issues

M1mac

Check Details

Version: 0.1.0
Check: C++ specification
Result: NOTE Specified C++11: please drop specification unless essential Flavors: r-devel-linux-x86_64-debian-clang, r-devel-linux-x86_64-debian-gcc, r-devel-linux-x86_64-fedora-clang, r-devel-linux-x86_64-fedora-gcc, r-devel-windows-x86_64, r-patched-linux-x86_64, r-release-linux-x86_64, r-release-macos-arm64, r-release-windows-x86_64, r-oldrel-macos-arm64, r-oldrel-macos-x86_64, r-oldrel-windows-x86_64