CRAN Package Check Results for Package RKEEL

Last updated on 2023-01-27 07:50:42 CET.

Flavor Version Tinstall Tcheck Ttotal Status Flags
r-devel-linux-x86_64-debian-clang 1.3.3 102.39 103.09 205.48 OK
r-devel-linux-x86_64-debian-gcc 1.3.3 85.84 78.78 164.62 OK
r-devel-linux-x86_64-fedora-clang 1.3.3 283.14 NOTE
r-devel-linux-x86_64-fedora-gcc 1.3.3 296.94 NOTE
r-devel-windows-x86_64 1.3.3 153.00 187.00 340.00 OK
r-patched-linux-x86_64 1.3.3 102.11 97.47 199.58 OK
r-release-linux-x86_64 1.3.3 90.74 98.49 189.23 OK
r-release-macos-arm64 1.3.3 73.00 NOTE
r-release-macos-x86_64 1.3.3 94.00 NOTE
r-release-windows-x86_64 1.3.3 159.00 180.00 339.00 OK
r-oldrel-macos-arm64 1.3.3 122.00 NOTE
r-oldrel-macos-x86_64 1.3.3 150.00 NOTE
r-oldrel-windows-ix86+x86_64 1.3.3 157.00 147.00 304.00 OK

Check Details

Version: 1.3.3
Check: dependencies in R code
Result: NOTE
    Namespaces in Imports field not imported from:
     ‘Matrix’ ‘arules’ ‘pmml’ ‘rJava’
     All declared Imports should be used.
Flavors: r-devel-linux-x86_64-fedora-clang, r-devel-linux-x86_64-fedora-gcc, r-release-macos-arm64, r-release-macos-x86_64, r-oldrel-macos-arm64, r-oldrel-macos-x86_64