Last updated on 2023-12-03 08:50:20 CET.
Flavor | Version | Tinstall | Tcheck | Ttotal | Status | Flags |
---|---|---|---|---|---|---|
r-devel-linux-x86_64-debian-clang | 1.3.4 | 103.23 | 448.75 | 551.98 | OK | |
r-devel-linux-x86_64-debian-gcc | 1.3.4 | 83.87 | 323.44 | 407.31 | OK | |
r-devel-linux-x86_64-fedora-clang | 1.3.4 | 689.87 | NOTE | |||
r-devel-linux-x86_64-fedora-gcc | 1.3.4 | 675.56 | NOTE | |||
r-devel-windows-x86_64 | 1.3.4 | 104.00 | 417.00 | 521.00 | NOTE | |
r-patched-linux-x86_64 | 1.3.4 | 99.60 | 437.59 | 537.19 | OK | |
r-release-linux-x86_64 | 1.3.4 | 108.09 | 442.32 | 550.41 | OK | |
r-release-macos-arm64 | 1.3.4 | 330.00 | NOTE | |||
r-release-macos-x86_64 | 1.3.4 | 462.00 | NOTE | |||
r-release-windows-x86_64 | 1.3.4 | 124.00 | 504.00 | 628.00 | NOTE | |
r-oldrel-macos-arm64 | 1.3.4 | 285.00 | NOTE | |||
r-oldrel-macos-x86_64 | 1.3.4 | 330.00 | NOTE | |||
r-oldrel-windows-x86_64 | 1.3.4 | 140.00 | 495.00 | 635.00 | NOTE |
Version: 1.3.4
Check: installed package size
Result: NOTE
installed size is 28.3Mb
sub-directories of 1Mb or more:
R 4.0Mb
exe 23.9Mb
Flavors: r-devel-linux-x86_64-fedora-clang, r-devel-windows-x86_64, r-release-macos-arm64, r-release-macos-x86_64, r-release-windows-x86_64, r-oldrel-macos-arm64, r-oldrel-macos-x86_64, r-oldrel-windows-x86_64
Version: 1.3.4
Check: dependencies in R code
Result: NOTE
Namespaces in Imports field not imported from:
‘Matrix’ ‘arules’ ‘pmml’ ‘rJava’
All declared Imports should be used.
Flavors: r-devel-linux-x86_64-fedora-clang, r-devel-linux-x86_64-fedora-gcc