Last updated on 2023-03-28 07:53:13 CEST.
Flavor | Version | Tinstall | Tcheck | Ttotal | Status | Flags |
---|---|---|---|---|---|---|
r-devel-linux-x86_64-debian-clang | 5.0-4 | 5.15 | 27.82 | 32.97 | OK | |
r-devel-linux-x86_64-debian-gcc | 5.0-4 | 4.16 | 21.28 | 25.44 | OK | |
r-devel-linux-x86_64-fedora-clang | 5.0-4 | 40.39 | NOTE | |||
r-devel-linux-x86_64-fedora-gcc | 5.0-4 | 43.34 | OK | |||
r-devel-windows-x86_64 | 5.0-4 | 14.00 | 45.00 | 59.00 | NOTE | |
r-patched-linux-x86_64 | 5.0-4 | 5.09 | 26.74 | 31.83 | OK | |
r-release-linux-x86_64 | 5.0-4 | 4.50 | 26.73 | 31.23 | OK | |
r-release-macos-arm64 | 5.0-4 | 15.00 | NOTE | |||
r-release-macos-x86_64 | 5.0-4 | 23.00 | NOTE | |||
r-release-windows-x86_64 | 5.0-4 | 7.00 | 44.00 | 51.00 | NOTE | |
r-oldrel-macos-arm64 | 5.0-4 | 23.00 | NOTE | |||
r-oldrel-macos-x86_64 | 5.0-4 | 31.00 | NOTE | |||
r-oldrel-windows-ix86+x86_64 | 5.0-4 | 10.00 | 43.00 | 53.00 | NOTE |
Version: 5.0-4
Check: installed package size
Result: NOTE
installed size is 10.9Mb
sub-directories of 1Mb or more:
java 10.8Mb
Flavors: r-devel-linux-x86_64-fedora-clang, r-devel-windows-x86_64, r-release-macos-arm64, r-release-macos-x86_64, r-release-windows-x86_64, r-oldrel-macos-arm64, r-oldrel-macos-x86_64, r-oldrel-windows-ix86+x86_64