Last updated on 2023-12-09 07:49:44 CET.
Flavor | Version | Tinstall | Tcheck | Ttotal | Status | Flags |
---|---|---|---|---|---|---|
r-devel-linux-x86_64-debian-clang | 0.3-3 | 13.50 | 180.42 | 193.92 | NOTE | |
r-devel-linux-x86_64-debian-gcc | 0.3-3 | 11.04 | 134.14 | 145.18 | NOTE | |
r-devel-linux-x86_64-fedora-clang | 0.3-3 | 234.43 | OK | |||
r-devel-linux-x86_64-fedora-gcc | 0.3-3 | 252.52 | OK | |||
r-devel-windows-x86_64 | 0.3-3 | 13.00 | 138.00 | 151.00 | OK | |
r-patched-linux-x86_64 | 0.3-3 | 20.03 | 174.33 | 194.36 | OK | |
r-release-linux-x86_64 | 0.3-3 | 9.28 | 169.62 | 178.90 | OK | |
r-release-macos-arm64 | 0.3-3 | 51.00 | OK | |||
r-release-macos-x86_64 | 0.3-3 | 103.00 | OK | |||
r-release-windows-x86_64 | 0.3-3 | 19.00 | 175.00 | 194.00 | OK | |
r-oldrel-macos-arm64 | 0.3-3 | 56.00 | OK | |||
r-oldrel-macos-x86_64 | 0.3-3 | 86.00 | OK | |||
r-oldrel-windows-x86_64 | 0.3-3 | 18.00 | 173.00 | 191.00 | OK |
Version: 0.3-3
Check: Rd files
Result: NOTE
checkRd: (-1) CovsAlignedToADesign-class.Rd:22: Lost braces; missing escapes or markup?
22 | specified stratum weight to the product of h_b (the harmonic mean of n_{tb} and
| ^
checkRd: (-1) CovsAlignedToADesign-class.Rd:23: Lost braces; missing escapes or markup?
23 | n_{cb}, the counts of treatment and control clusters in stratum b) with bar-w_b,
| ^
checkRd: (-1) DesignWeights.Rd:39: Lost braces; missing escapes or markup?
39 | mean of n_{tb} and n_{cb}, the number of treatment and control
| ^
checkRd: (-1) DesignWeights.Rd:39: Lost braces; missing escapes or markup?
39 | mean of n_{tb} and n_{cb}, the number of treatment and control
| ^
Flavors: r-devel-linux-x86_64-debian-clang, r-devel-linux-x86_64-debian-gcc