CRAN Package Check Results for Package RH2

Last updated on 2022-11-28 05:52:34 CET.

Flavor Version Tinstall Tcheck Ttotal Status Flags
r-devel-linux-x86_64-debian-clang 0.2.4 5.74 48.72 54.46 OK
r-devel-linux-x86_64-debian-gcc 0.2.4 5.17 37.08 42.25 OK
r-devel-linux-x86_64-fedora-clang 0.2.4 77.16 NOTE
r-devel-linux-x86_64-fedora-gcc 0.2.4 75.84 OK
r-devel-windows-x86_64 0.2.4 9.00 74.00 83.00 OK
r-patched-linux-x86_64 0.2.4 7.84 46.63 54.47 OK
r-release-linux-x86_64 0.2.4 5.79 47.44 53.23 OK
r-release-macos-arm64 0.2.4 22.00 OK
r-release-macos-x86_64 0.2.4 33.00 OK
r-release-windows-x86_64 0.2.4 11.00 79.00 90.00 OK
r-oldrel-macos-arm64 0.2.4 33.00 OK
r-oldrel-macos-x86_64 0.2.4 47.00 OK
r-oldrel-windows-ix86+x86_64 0.2.4 14.00 70.00 84.00 OK

Check Details

Version: 0.2.4
Check: Rd cross-references
Result: NOTE
    Undeclared package ‘DBI’ in Rd xrefs
Flavor: r-devel-linux-x86_64-fedora-clang