Last updated on 2023-09-30 08:00:39 CEST.
Flavor | Version | Tinstall | Tcheck | Ttotal | Status | Flags |
---|---|---|---|---|---|---|
r-devel-linux-x86_64-debian-clang | 1.2.0 | 11.17 | 132.62 | 143.79 | OK | |
r-devel-linux-x86_64-debian-gcc | 1.2.0 | 6.92 | 93.35 | 100.27 | OK | |
r-devel-linux-x86_64-fedora-clang | 1.2.0 | 175.14 | NOTE | |||
r-devel-linux-x86_64-fedora-gcc | 1.2.0 | 188.93 | OK | |||
r-devel-windows-x86_64 | 1.2.0 | 11.00 | 124.00 | 135.00 | NOTE | |
r-patched-linux-x86_64 | 1.2.0 | 8.83 | 126.60 | 135.43 | OK | |
r-release-linux-x86_64 | 1.2.0 | 8.91 | 127.42 | 136.33 | OK | |
r-release-macos-arm64 | 1.2.0 | 64.00 | NOTE | |||
r-release-macos-x86_64 | 1.2.0 | 100.00 | NOTE | |||
r-release-windows-x86_64 | 1.2.0 | 12.00 | 149.00 | 161.00 | NOTE | |
r-oldrel-macos-arm64 | 1.2.0 | 63.00 | NOTE | |||
r-oldrel-macos-x86_64 | 1.2.0 | 74.00 | NOTE | |||
r-oldrel-windows-x86_64 | 1.2.0 | 14.00 | 148.00 | 162.00 | NOTE |
Version: 1.2.0
Check: installed package size
Result: NOTE
installed size is 5.4Mb
sub-directories of 1Mb or more:
data 1.9Mb
doc 1.2Mb
extdata 1.9Mb
Flavors: r-devel-linux-x86_64-fedora-clang, r-devel-windows-x86_64, r-release-macos-arm64, r-release-macos-x86_64, r-release-windows-x86_64, r-oldrel-macos-arm64, r-oldrel-macos-x86_64, r-oldrel-windows-x86_64