Last updated on 2023-05-30 08:02:28 CEST.
Flavor | Version | Tinstall | Tcheck | Ttotal | Status | Flags |
---|---|---|---|---|---|---|
r-devel-linux-x86_64-debian-clang | 1.1.4 | 8.00 | 66.68 | 74.68 | NOTE | |
r-devel-linux-x86_64-debian-gcc | 1.1.4 | 6.21 | 48.92 | 55.13 | NOTE | |
r-devel-linux-x86_64-fedora-clang | 1.1.4 | 90.67 | NOTE | |||
r-devel-linux-x86_64-fedora-gcc | 1.1.4 | 96.50 | NOTE | |||
r-devel-windows-x86_64 | 1.1.4 | 7.00 | 65.00 | 72.00 | NOTE | |
r-patched-linux-x86_64 | 1.1.4 | 4.87 | 61.89 | 66.76 | NOTE | |
r-release-linux-x86_64 | 1.1.4 | 4.84 | 60.91 | 65.75 | NOTE | |
r-release-macos-arm64 | 1.1.4 | 29.00 | NOTE | |||
r-release-macos-x86_64 | 1.1.4 | 43.00 | NOTE | |||
r-release-windows-x86_64 | 1.1.4 | 10.00 | 75.00 | 85.00 | NOTE | |
r-oldrel-macos-arm64 | 1.1.4 | 30.00 | NOTE | |||
r-oldrel-macos-x86_64 | 1.1.4 | 49.00 | NOTE | |||
r-oldrel-windows-x86_64 | 1.1.4 | 11.00 | 71.00 | 82.00 | NOTE |
Version: 1.1.4
Check: LazyData
Result: NOTE
'LazyData' is specified without a 'data' directory
Flavors: r-devel-linux-x86_64-debian-clang, r-devel-linux-x86_64-debian-gcc, r-devel-linux-x86_64-fedora-clang, r-devel-linux-x86_64-fedora-gcc, r-devel-windows-x86_64, r-patched-linux-x86_64, r-release-linux-x86_64, r-release-macos-arm64, r-release-macos-x86_64, r-release-windows-x86_64, r-oldrel-macos-arm64, r-oldrel-macos-x86_64, r-oldrel-windows-x86_64