CRAN Package Check Results for Package REPLesentR

Last updated on 2023-01-27 07:50:42 CET.

Flavor Version Tinstall Tcheck Ttotal Status Flags
r-devel-linux-x86_64-debian-clang 0.4.1 4.05 41.11 45.16 NOTE
r-devel-linux-x86_64-debian-gcc 0.4.1 2.73 30.99 33.72 NOTE
r-devel-linux-x86_64-fedora-clang 0.4.1 57.87 NOTE
r-devel-linux-x86_64-fedora-gcc 0.4.1 55.57 NOTE
r-devel-windows-x86_64 0.4.1 12.00 66.00 78.00 NOTE
r-patched-linux-x86_64 0.4.1 3.50 40.59 44.09 NOTE
r-release-linux-x86_64 0.4.1 4.39 39.84 44.23 NOTE
r-release-macos-arm64 0.4.1 21.00 NOTE
r-release-macos-x86_64 0.4.1 30.00 NOTE
r-release-windows-x86_64 0.4.1 15.00 68.00 83.00 NOTE
r-oldrel-macos-arm64 0.4.1 25.00 NOTE
r-oldrel-macos-x86_64 0.4.1 35.00 NOTE
r-oldrel-windows-ix86+x86_64 0.4.1 9.00 64.00 73.00 NOTE

Check Details

Version: 0.4.1
Check: LazyData
Result: NOTE
     'LazyData' is specified without a 'data' directory
Flavors: r-devel-linux-x86_64-debian-clang, r-devel-linux-x86_64-debian-gcc, r-devel-linux-x86_64-fedora-clang, r-devel-linux-x86_64-fedora-gcc, r-devel-windows-x86_64, r-patched-linux-x86_64, r-release-linux-x86_64, r-release-macos-arm64, r-release-macos-x86_64, r-release-windows-x86_64, r-oldrel-macos-arm64, r-oldrel-macos-x86_64, r-oldrel-windows-ix86+x86_64