CRAN Package Check Results for Package RDieHarder

Last updated on 2023-02-03 06:50:30 CET.

Flavor Version Tinstall Tcheck Ttotal Status Flags
r-devel-linux-x86_64-debian-clang 0.2.5 36.84 33.02 69.86 OK
r-devel-linux-x86_64-debian-gcc 0.2.5 38.38 26.36 64.74 OK
r-devel-linux-x86_64-fedora-clang 0.2.5 94.42 OK
r-devel-linux-x86_64-fedora-gcc 0.2.5 117.89 OK
r-devel-windows-x86_64 0.2.5 145.00 101.00 246.00 OK
r-patched-linux-x86_64 0.2.5 43.39 32.83 76.22 OK
r-release-linux-x86_64 0.2.5 40.19 33.20 73.39 OK
r-release-macos-arm64 0.2.5 36.00 OK
r-release-macos-x86_64 0.2.5 52.00 OK
r-release-windows-x86_64 0.2.5 141.00 82.00 223.00 OK
r-oldrel-macos-arm64 0.2.5 37.00 OK
r-oldrel-macos-x86_64 0.2.5 63.00 OK
r-oldrel-windows-ix86+x86_64 0.2.5 35.00 13.00 48.00 ERROR

Check Details

Version: 0.2.5
Check: whether package can be installed
Result: ERROR
    Installation failed.
Flavor: r-oldrel-windows-ix86+x86_64