Last updated on 2023-03-30 06:53:26 CEST.
Flavor | Version | Tinstall | Tcheck | Ttotal | Status | Flags |
---|---|---|---|---|---|---|
r-devel-linux-x86_64-debian-clang | 1.2.1 | 4.10 | 111.32 | 115.42 | OK | |
r-devel-linux-x86_64-debian-gcc | 1.2.1 | 2.75 | 84.20 | 86.95 | OK | |
r-devel-linux-x86_64-fedora-clang | 1.2.1 | 143.67 | OK | |||
r-devel-linux-x86_64-fedora-gcc | 1.2.1 | 163.20 | OK | |||
r-devel-windows-x86_64 | 1.2.1 | 45.00 | 223.00 | 268.00 | OK | |
r-patched-linux-x86_64 | 1.2.1 | 4.41 | 110.79 | 115.20 | OK | |
r-release-linux-x86_64 | 1.2.1 | 3.87 | 111.27 | 115.14 | OK | |
r-release-macos-arm64 | 1.2.1 | 53.00 | NOTE | |||
r-release-macos-x86_64 | 1.2.1 | 74.00 | OK | |||
r-release-windows-x86_64 | 1.2.1 | 32.00 | 214.00 | 246.00 | OK | |
r-oldrel-macos-arm64 | 1.2.1 | 56.00 | OK | |||
r-oldrel-macos-x86_64 | 1.2.1 | 68.00 | OK | |||
r-oldrel-windows-ix86+x86_64 | 1.2.1 | 9.00 | 182.00 | 191.00 | OK |
Version: 1.2.1
Check: package dependencies
Result: NOTE
Package suggested but not available for checking: ‘Mercator’
Flavor: r-release-macos-arm64
Version: 1.2.1
Check: Rd cross-references
Result: NOTE
Package unavailable to check Rd xrefs: ‘Mercator’
Flavor: r-release-macos-arm64