Last updated on 2023-02-06 06:52:06 CET.
Flavor | Version | Tinstall | Tcheck | Ttotal | Status | Flags |
---|---|---|---|---|---|---|
r-devel-linux-x86_64-debian-clang | 0.6.4 | 95.39 | 68.47 | 163.86 | WARN | |
r-devel-linux-x86_64-debian-gcc | 0.6.4 | 90.56 | 50.28 | 140.84 | WARN | |
r-devel-linux-x86_64-fedora-clang | 0.6.4 | 270.72 | WARN | |||
r-devel-linux-x86_64-fedora-gcc | 0.6.4 | 231.15 | WARN | |||
r-devel-windows-x86_64 | 0.6.4 | 322.00 | 132.00 | 454.00 | NOTE | |
r-patched-linux-x86_64 | 0.6.4 | 80.58 | 66.74 | 147.32 | OK | |
r-release-linux-x86_64 | 0.6.4 | 72.26 | 65.56 | 137.82 | OK | |
r-release-macos-arm64 | 0.6.4 | 72.00 | NOTE | |||
r-release-macos-x86_64 | 0.6.4 | 90.00 | NOTE | |||
r-release-windows-x86_64 | 0.6.4 | 213.00 | 138.00 | 351.00 | OK | |
r-oldrel-macos-arm64 | 0.6.4 | 64.00 | NOTE | |||
r-oldrel-macos-x86_64 | 0.6.4 | 88.00 | NOTE | |||
r-oldrel-windows-ix86+x86_64 | 0.6.4 | 274.00 | 141.00 | 415.00 | OK |
Version: 0.6.4
Check: whether package can be installed
Result: WARN
Found the following significant warnings:
RClickhouse_init.c:23:54: warning: a function declaration without a prototype is deprecated in all versions of C [-Wstrict-prototypes]
vendor/clickhouse-cpp/contrib/lz4/lz4.c:373:20: warning: a function declaration without a prototype is deprecated in all versions of C [-Wstrict-prototypes]
vendor/clickhouse-cpp/contrib/lz4/lz4.c:1474:26: warning: a function declaration without a prototype is deprecated in all versions of C [-Wstrict-prototypes]
See ‘/home/hornik/tmp/R.check/r-devel-clang/Work/PKGS/RClickhouse.Rcheck/00install.out’ for details.
* used C compiler: ‘Debian clang version 15.0.6’
* used C++ compiler: ‘Debian clang version 15.0.6’
Flavor: r-devel-linux-x86_64-debian-clang
Version: 0.6.4
Check: C++ specification
Result: NOTE
Specified C++11: please update to current default of C++17
Flavors: r-devel-linux-x86_64-debian-clang, r-devel-linux-x86_64-debian-gcc, r-devel-linux-x86_64-fedora-clang, r-devel-linux-x86_64-fedora-gcc, r-devel-windows-x86_64
Version: 0.6.4
Check: whether package can be installed
Result: WARN
Found the following significant warnings:
RClickhouse_init.c:23:1: warning: function declaration isn’t a prototype [-Wstrict-prototypes]
See ‘/home/hornik/tmp/R.check/r-devel-gcc/Work/PKGS/RClickhouse.Rcheck/00install.out’ for details.
* used C compiler: ‘gcc-12 (Debian 12.2.0-14) 12.2.0’
* used C++ compiler: ‘g++-12 (Debian 12.2.0-14) 12.2.0’
Flavor: r-devel-linux-x86_64-debian-gcc
Version: 0.6.4
Check: whether package can be installed
Result: WARN
Found the following significant warnings:
RClickhouse_init.c:23:54: warning: a function declaration without a prototype is deprecated in all versions of C [-Wstrict-prototypes]
vendor/clickhouse-cpp/contrib/lz4/lz4.c:373:20: warning: a function declaration without a prototype is deprecated in all versions of C [-Wstrict-prototypes]
vendor/clickhouse-cpp/contrib/lz4/lz4.c:1474:26: warning: a function declaration without a prototype is deprecated in all versions of C [-Wstrict-prototypes]
See ‘/data/gannet/ripley/R/packages/tests-clang/RClickhouse.Rcheck/00install.out’ for details.
* used C compiler: ‘clang version 15.0.7’
* used C++ compiler: ‘clang version 15.0.7’
Flavor: r-devel-linux-x86_64-fedora-clang
Version: 0.6.4
Check: whether package can be installed
Result: WARN
Found the following significant warnings:
RClickhouse_init.c:23:1: warning: function declaration isn’t a prototype [-Wstrict-prototypes]
See ‘/data/gannet/ripley/R/packages/tests-devel/RClickhouse.Rcheck/00install.out’ for details.
* used C compiler: ‘gcc (GCC) 12.2.1 20221121 (Red Hat 12.2.1-4)’
* used C++ compiler: ‘g++ (GCC) 12.2.1 20221121 (Red Hat 12.2.1-4)’
Flavor: r-devel-linux-x86_64-fedora-gcc
Version: 0.6.4
Check: installed package size
Result: NOTE
installed size is 13.1Mb
sub-directories of 1Mb or more:
libs 12.7Mb
Flavors: r-release-macos-arm64, r-release-macos-x86_64, r-oldrel-macos-arm64, r-oldrel-macos-x86_64