Last updated on 2023-11-30 07:52:46 CET.
Flavor | Version | Tinstall | Tcheck | Ttotal | Status | Flags |
---|---|---|---|---|---|---|
r-devel-linux-x86_64-debian-clang | 1.3.1 | 15.88 | 189.96 | 205.84 | OK | |
r-devel-linux-x86_64-debian-gcc | 1.3.1 | 12.53 | 148.43 | 160.96 | OK | |
r-devel-linux-x86_64-fedora-clang | 1.3.1 | 158.26 | NOTE | |||
r-devel-linux-x86_64-fedora-gcc | 1.3.1 | 162.04 | NOTE | |||
r-devel-windows-x86_64 | 1.3.1 | 15.00 | 162.00 | 177.00 | OK | |
r-patched-linux-x86_64 | 1.3.1 | 16.44 | 183.41 | 199.85 | OK | |
r-release-linux-x86_64 | 1.3.1 | 13.96 | 182.29 | 196.25 | OK | |
r-release-macos-arm64 | 1.3.1 | 70.00 | NOTE | |||
r-release-macos-x86_64 | 1.3.1 | 103.00 | NOTE | |||
r-release-windows-x86_64 | 1.3.1 | 20.00 | 200.00 | 220.00 | OK | |
r-oldrel-macos-arm64 | 1.3.1 | 74.00 | OK | |||
r-oldrel-macos-x86_64 | 1.3.1 | 94.00 | OK | |||
r-oldrel-windows-x86_64 | 1.3.1 | 19.00 | 176.00 | 195.00 | OK |
Version: 1.3.1
Check: package dependencies
Result: NOTE
Packages suggested but not available for checking: 'xcms', 'MSnbase'
Flavors: r-devel-linux-x86_64-fedora-clang, r-devel-linux-x86_64-fedora-gcc, r-release-macos-arm64, r-release-macos-x86_64