Last updated on 2023-02-03 06:50:29 CET.
Flavor | Version | Tinstall | Tcheck | Ttotal | Status | Flags |
---|---|---|---|---|---|---|
r-devel-linux-x86_64-debian-clang | 0.1.0 | 2.73 | 43.01 | 45.74 | OK | |
r-devel-linux-x86_64-debian-gcc | 0.1.0 | 2.21 | 32.11 | 34.32 | OK | |
r-devel-linux-x86_64-fedora-clang | 0.1.0 | 58.13 | NOTE | |||
r-devel-linux-x86_64-fedora-gcc | 0.1.0 | 65.48 | NOTE | |||
r-devel-windows-x86_64 | 0.1.0 | 38.00 | 76.00 | 114.00 | OK | |
r-patched-linux-x86_64 | 0.1.0 | 2.32 | 41.57 | 43.89 | OK | |
r-release-linux-x86_64 | 0.1.0 | 2.37 | 41.00 | 43.37 | OK | |
r-release-macos-arm64 | 0.1.0 | 22.00 | NOTE | |||
r-release-macos-x86_64 | 0.1.0 | 45.00 | NOTE | |||
r-release-windows-x86_64 | 0.1.0 | 26.00 | 79.00 | 105.00 | OK | |
r-oldrel-macos-arm64 | 0.1.0 | 24.00 | NOTE | |||
r-oldrel-macos-x86_64 | 0.1.0 | 40.00 | NOTE | |||
r-oldrel-windows-ix86+x86_64 | 0.1.0 | 6.00 | 71.00 | 77.00 | OK |
Version: 0.1.0
Check: dependencies in R code
Result: NOTE
Namespace in Imports field not imported from: ‘gridExtra’
All declared Imports should be used.
Flavors: r-devel-linux-x86_64-fedora-clang, r-devel-linux-x86_64-fedora-gcc, r-release-macos-arm64, r-release-macos-x86_64, r-oldrel-macos-arm64, r-oldrel-macos-x86_64