Last updated on 2023-09-21 07:55:03 CEST.
Flavor | Version | Tinstall | Tcheck | Ttotal | Status | Flags |
---|---|---|---|---|---|---|
r-devel-linux-x86_64-debian-clang | 0.1.1 | 2.64 | 45.97 | 48.61 | OK | |
r-devel-linux-x86_64-debian-gcc | 0.1.1 | 2.05 | 35.90 | 37.95 | OK | |
r-devel-linux-x86_64-fedora-clang | 0.1.1 | 61.39 | NOTE | |||
r-devel-linux-x86_64-fedora-gcc | 0.1.1 | 73.08 | NOTE | |||
r-devel-windows-x86_64 | 0.1.1 | 4.00 | 377.00 | 381.00 | OK | |
r-patched-linux-x86_64 | 0.1.1 | 2.84 | 44.79 | 47.63 | OK | |
r-release-linux-x86_64 | 0.1.1 | 2.39 | 46.77 | 49.16 | OK | |
r-release-macos-arm64 | 0.1.1 | 237.00 | OK | |||
r-release-macos-x86_64 | 0.1.1 | 331.00 | OK | |||
r-release-windows-x86_64 | 0.1.1 | 4.00 | 483.00 | 487.00 | OK | |
r-oldrel-macos-arm64 | 0.1.1 | 179.00 | NOTE | |||
r-oldrel-macos-x86_64 | 0.1.1 | 201.00 | NOTE | |||
r-oldrel-windows-x86_64 | 0.1.1 | 5.00 | 475.00 | 480.00 | OK |
Version: 0.1.1
Check: dependencies in R code
Result: NOTE
Namespaces in Imports field not imported from:
‘asd’ ‘cubature’ ‘data.table’ ‘ggplot2’ ‘multxpert’ ‘survival’
All declared Imports should be used.
Flavors: r-devel-linux-x86_64-fedora-clang, r-devel-linux-x86_64-fedora-gcc, r-oldrel-macos-arm64, r-oldrel-macos-x86_64