Last updated on 2023-01-28 07:15:04 CET.
Flavor | Version | Tinstall | Tcheck | Ttotal | Status | Flags |
---|---|---|---|---|---|---|
r-devel-linux-x86_64-debian-clang | 1.4.1 | 2.35 | 24.10 | 26.45 | NOTE | |
r-devel-linux-x86_64-debian-gcc | 1.4.1 | 1.57 | 18.93 | 20.50 | NOTE | |
r-devel-linux-x86_64-fedora-clang | 1.4.1 | 33.18 | NOTE | |||
r-devel-linux-x86_64-fedora-gcc | 1.4.1 | 34.07 | NOTE | |||
r-devel-windows-x86_64 | 1.4.1 | 5.00 | 51.00 | 56.00 | NOTE | |
r-patched-linux-x86_64 | 1.4.1 | 2.41 | 24.40 | 26.81 | NOTE | |
r-release-linux-x86_64 | 1.4.1 | 2.26 | 24.12 | 26.38 | NOTE | |
r-release-macos-arm64 | 1.4.1 | 16.00 | NOTE | |||
r-release-macos-x86_64 | 1.4.1 | 22.00 | NOTE | |||
r-release-windows-x86_64 | 1.4.1 | 11.00 | 52.00 | 63.00 | NOTE | |
r-oldrel-macos-arm64 | 1.4.1 | 17.00 | NOTE | |||
r-oldrel-macos-x86_64 | 1.4.1 | 30.00 | NOTE | |||
r-oldrel-windows-ix86+x86_64 | 1.4.1 | 5.00 | 48.00 | 53.00 | NOTE |
Version: 1.4.1
Check: LazyData
Result: NOTE
'LazyData' is specified without a 'data' directory
Flavors: r-devel-linux-x86_64-debian-clang, r-devel-linux-x86_64-debian-gcc, r-devel-linux-x86_64-fedora-clang, r-devel-linux-x86_64-fedora-gcc, r-devel-windows-x86_64, r-patched-linux-x86_64, r-release-linux-x86_64, r-release-macos-arm64, r-release-macos-x86_64, r-release-windows-x86_64, r-oldrel-macos-arm64, r-oldrel-macos-x86_64, r-oldrel-windows-ix86+x86_64