Last updated on 2023-06-01 07:57:09 CEST.
Flavor | Version | Tinstall | Tcheck | Ttotal | Status | Flags |
---|---|---|---|---|---|---|
r-devel-linux-x86_64-debian-clang | 3.2-3.2.1 | 4.80 | 47.25 | 52.05 | NOTE | |
r-devel-linux-x86_64-debian-gcc | 3.2-3.2.1 | 3.22 | 37.32 | 40.54 | NOTE | |
r-devel-linux-x86_64-fedora-clang | 3.2-3.2.1 | 67.43 | OK | |||
r-devel-linux-x86_64-fedora-gcc | 3.2-3.2.1 | 80.43 | OK | |||
r-devel-windows-x86_64 | 3.2-3.2.1 | 5.00 | 80.00 | 85.00 | OK | |
r-patched-linux-x86_64 | 3.2-3.2.1 | NOTE | ||||
r-release-linux-x86_64 | 3.2-3.2.1 | 3.89 | 45.63 | 49.52 | NOTE | |
r-release-macos-arm64 | 3.2-3.2.1 | 31.00 | OK | |||
r-release-macos-x86_64 | 3.2-3.2.1 | 46.00 | OK | |||
r-release-windows-x86_64 | 3.2-3.2.1 | 6.00 | 76.00 | 82.00 | OK | |
r-oldrel-macos-arm64 | 3.2-3.2.1 | 26.00 | OK | |||
r-oldrel-macos-x86_64 | 3.2-3.2.1 | 34.00 | OK | |||
r-oldrel-windows-x86_64 | 3.2-3.2.1 | 6.00 | 78.00 | 84.00 | OK |
Version: 3.2-3.2.1
Check: R code for possible problems
Result: NOTE
Found the following calls to attach():
File ‘R2OpenBUGS/R/attach.all.R’:
attach(x, name = name)
See section ‘Good practice’ in ‘?attach’.
Flavors: r-devel-linux-x86_64-debian-clang, r-devel-linux-x86_64-debian-gcc, r-patched-linux-x86_64, r-release-linux-x86_64