Last updated on 2023-02-04 08:01:25 CET.
Flavor | Version | Tinstall | Tcheck | Ttotal | Status | Flags |
---|---|---|---|---|---|---|
r-devel-linux-x86_64-debian-clang | 0.1.3 | 9.95 | 157.82 | 167.77 | OK | |
r-devel-linux-x86_64-debian-gcc | 0.1.3 | 6.83 | 112.41 | 119.24 | OK | |
r-devel-linux-x86_64-fedora-clang | 0.1.3 | 203.35 | NOTE | |||
r-devel-linux-x86_64-fedora-gcc | 0.1.3 | 205.52 | NOTE | |||
r-devel-windows-x86_64 | 0.1.3 | 20.00 | 178.00 | 198.00 | OK | |
r-patched-linux-x86_64 | 0.1.3 | 16.48 | 138.67 | 155.15 | OK | |
r-release-linux-x86_64 | 0.1.3 | 10.29 | 137.88 | 148.17 | OK | |
r-release-macos-arm64 | 0.1.3 | 35.00 | NOTE | |||
r-release-macos-x86_64 | 0.1.3 | 80.00 | NOTE | |||
r-release-windows-x86_64 | 0.1.3 | 30.00 | 194.00 | 224.00 | OK | |
r-oldrel-macos-arm64 | 0.1.3 | 45.00 | NOTE | |||
r-oldrel-macos-x86_64 | 0.1.3 | 72.00 | NOTE | |||
r-oldrel-windows-ix86+x86_64 | 0.1.3 | 32.00 | 176.00 | 208.00 | OK |
Version: 0.1.3
Check: dependencies in R code
Result: NOTE
Namespace in Imports field not imported from: ‘testthat’
All declared Imports should be used.
Flavors: r-devel-linux-x86_64-fedora-clang, r-devel-linux-x86_64-fedora-gcc, r-release-macos-arm64, r-release-macos-x86_64, r-oldrel-macos-arm64, r-oldrel-macos-x86_64