Last updated on 2023-02-07 07:54:11 CET.
Flavor | Version | Tinstall | Tcheck | Ttotal | Status | Flags |
---|---|---|---|---|---|---|
r-devel-linux-x86_64-debian-clang | 0.1.2 | 21.91 | 187.44 | 209.35 | OK | |
r-devel-linux-x86_64-debian-gcc | 0.1.3 | 21.27 | 147.83 | 169.10 | OK | |
r-devel-linux-x86_64-fedora-clang | 0.1.3 | 274.30 | OK | |||
r-devel-linux-x86_64-fedora-gcc | 0.1.3 | 282.81 | OK | |||
r-devel-windows-x86_64 | 0.1.3 | 29.00 | 195.00 | 224.00 | OK | |
r-patched-linux-x86_64 | 0.1.2 | 20.94 | 169.28 | 190.22 | OK | |
r-release-linux-x86_64 | 0.1.3 | 22.77 | 189.65 | 212.42 | OK | |
r-release-macos-arm64 | 0.1.3 | 75.00 | ERROR | |||
r-release-macos-x86_64 | 0.1.3 | 106.00 | ERROR | |||
r-release-windows-x86_64 | 0.1.2 | 57.00 | 217.00 | 274.00 | OK | |
r-oldrel-macos-arm64 | 0.1.2 | 70.00 | OK | |||
r-oldrel-macos-x86_64 | 0.1.2 | 90.00 | OK | |||
r-oldrel-windows-ix86+x86_64 | 0.1.2 | 47.00 | 206.00 | 253.00 | OK |
Version: 0.1.3
Check: PDF version of manual
Result: WARN
LaTeX errors when creating PDF version.
This typically indicates Rd problems.
LaTeX errors found:
! Undefined control sequence.
<argument> K_\text
{max}
l.2230 ...to a user-specified \eqn{K_\text{max}}{}
)
! Undefined control sequence.
<argument> K_\text
{max}
l.2256 ...er}{integer} scalar \eqn{K_\text{max}}{}
,
! Undefined control sequence.
<argument> K^c+1=K_\text
{max}
l.2282 ...is stopped if \eqn{K^c+1=K_\text{max}}{}
,
Flavors: r-release-macos-arm64, r-release-macos-x86_64
Version: 0.1.3
Check: PDF version of manual without index
Result: ERROR
Flavors: r-release-macos-arm64, r-release-macos-x86_64