Last updated on 2023-01-28 07:15:04 CET.
Flavor | Version | Tinstall | Tcheck | Ttotal | Status | Flags |
---|---|---|---|---|---|---|
r-devel-linux-x86_64-debian-clang | 1.0-2 | 58.99 | 127.71 | 186.70 | OK | |
r-devel-linux-x86_64-debian-gcc | 1.0-2 | 50.23 | 102.08 | 152.31 | OK | |
r-devel-linux-x86_64-fedora-clang | 1.0-2 | 232.45 | OK | |||
r-devel-linux-x86_64-fedora-gcc | 1.0-2 | 252.84 | OK | |||
r-devel-windows-x86_64 | 1.0-2 | 72.00 | 160.00 | 232.00 | OK | |
r-patched-linux-x86_64 | 1.0-2 | 57.68 | 125.09 | 182.77 | OK | |
r-release-linux-x86_64 | 1.0-2 | 57.54 | 124.60 | 182.14 | OK | |
r-release-macos-arm64 | 1.0-2 | 73.00 | NOTE | |||
r-release-macos-x86_64 | 1.0-2 | 101.00 | OK | |||
r-release-windows-x86_64 | 1.0-2 | 63.00 | 151.00 | 214.00 | OK | |
r-oldrel-macos-arm64 | 1.0-2 | 87.00 | NOTE | |||
r-oldrel-macos-x86_64 | 1.0-2 | 161.00 | OK | |||
r-oldrel-windows-ix86+x86_64 | 1.0-2 | 84.00 | 149.00 | 233.00 | OK |
Version: 1.0-2
Check: installed package size
Result: NOTE
installed size is 5.3Mb
sub-directories of 1Mb or more:
R 5.1Mb
Flavors: r-release-macos-arm64, r-oldrel-macos-arm64