Last updated on 2023-09-30 08:00:38 CEST.
Flavor | Version | Tinstall | Tcheck | Ttotal | Status | Flags |
---|---|---|---|---|---|---|
r-devel-linux-x86_64-debian-clang | 0.2.1 | 9.24 | 67.66 | 76.90 | NOTE | |
r-devel-linux-x86_64-debian-gcc | 0.2.1 | 6.62 | 52.00 | 58.62 | NOTE | |
r-devel-linux-x86_64-fedora-clang | 0.2.1 | 94.50 | NOTE | |||
r-devel-linux-x86_64-fedora-gcc | 0.2.1 | 113.57 | NOTE | |||
r-devel-windows-x86_64 | 0.2.1 | 9.00 | 72.00 | 81.00 | NOTE | |
r-patched-linux-x86_64 | 0.2.1 | 13.44 | 67.79 | 81.23 | NOTE | |
r-release-linux-x86_64 | 0.2.1 | 8.24 | 67.57 | 75.81 | NOTE | |
r-release-macos-arm64 | 0.2.1 | 38.00 | NOTE | |||
r-release-macos-x86_64 | 0.2.1 | 58.00 | NOTE | |||
r-release-windows-x86_64 | 0.2.1 | 12.00 | 80.00 | 92.00 | NOTE | |
r-oldrel-macos-arm64 | 0.2.1 | 30.00 | NOTE | |||
r-oldrel-macos-x86_64 | 0.2.1 | 42.00 | NOTE | |||
r-oldrel-windows-x86_64 | 0.2.1 | 13.00 | 80.00 | 93.00 | NOTE |
Version: 0.2.1
Check: LazyData
Result: NOTE
'LazyData' is specified without a 'data' directory
Flavors: r-devel-linux-x86_64-debian-clang, r-devel-linux-x86_64-debian-gcc, r-devel-linux-x86_64-fedora-clang, r-devel-linux-x86_64-fedora-gcc, r-devel-windows-x86_64, r-patched-linux-x86_64, r-release-linux-x86_64, r-release-macos-arm64, r-release-macos-x86_64, r-release-windows-x86_64, r-oldrel-macos-arm64, r-oldrel-macos-x86_64, r-oldrel-windows-x86_64