CRAN Package Check Results for Package ProfoundData

Last updated on 2024-06-15 07:49:21 CEST.

Flavor Version Tinstall Tcheck Ttotal Status Flags
r-devel-linux-x86_64-debian-clang 0.2.1 9.89 70.75 80.64 NOTE
r-devel-linux-x86_64-debian-gcc 0.2.1 6.15 53.07 59.22 NOTE
r-devel-linux-x86_64-fedora-clang 0.2.1 102.90 NOTE
r-devel-linux-x86_64-fedora-gcc 0.2.1 106.64 NOTE
r-devel-windows-x86_64 0.2.1 9.00 72.00 81.00 NOTE
r-patched-linux-x86_64 0.2.1 11.98 67.85 79.83 NOTE
r-release-linux-x86_64 0.2.1 9.17 68.03 77.20 NOTE
r-release-macos-arm64 0.2.1 38.00 NOTE
r-release-macos-x86_64 0.2.1 66.00 NOTE
r-release-windows-x86_64 0.2.1 9.00 71.00 80.00 NOTE
r-oldrel-macos-arm64 0.2.1 38.00 NOTE
r-oldrel-macos-x86_64 0.2.1 58.00 NOTE
r-oldrel-windows-x86_64 0.2.1 12.00 80.00 92.00 NOTE

Check Details

Version: 0.2.1
Check: LazyData
Result: NOTE 'LazyData' is specified without a 'data' directory Flavors: r-devel-linux-x86_64-debian-clang, r-devel-linux-x86_64-debian-gcc, r-devel-linux-x86_64-fedora-clang, r-devel-linux-x86_64-fedora-gcc, r-devel-windows-x86_64, r-patched-linux-x86_64, r-release-linux-x86_64, r-release-macos-arm64, r-release-macos-x86_64, r-release-windows-x86_64, r-oldrel-macos-arm64, r-oldrel-macos-x86_64, r-oldrel-windows-x86_64