Last updated on 2023-10-02 07:56:35 CEST.
Flavor | Version | Tinstall | Tcheck | Ttotal | Status | Flags |
---|---|---|---|---|---|---|
r-devel-linux-x86_64-debian-clang | 1.14.1 | 70.25 | 118.21 | 188.46 | NOTE | |
r-devel-linux-x86_64-debian-gcc | 1.14.1 | 49.84 | 86.31 | 136.15 | NOTE | |
r-devel-linux-x86_64-fedora-clang | 1.14.1 | 264.93 | NOTE | |||
r-devel-linux-x86_64-fedora-gcc | 1.14.1 | 274.85 | NOTE | |||
r-devel-windows-x86_64 | 1.14.1 | 57.00 | 139.00 | 196.00 | NOTE | |
r-patched-linux-x86_64 | 1.14.1 | 79.62 | 103.31 | 182.93 | NOTE | |
r-release-linux-x86_64 | 1.14.1 | 65.01 | 109.83 | 174.84 | NOTE | |
r-release-macos-arm64 | 1.14.1 | 82.00 | NOTE | |||
r-release-macos-x86_64 | 1.14.1 | 119.00 | NOTE | |||
r-release-windows-x86_64 | 1.14.1 | 69.00 | 158.00 | 227.00 | NOTE | |
r-oldrel-macos-arm64 | 1.14.1 | 60.00 | NOTE | |||
r-oldrel-macos-x86_64 | 1.14.1 | 85.00 | NOTE | |||
r-oldrel-windows-x86_64 | 1.14.1 | 71.00 | 158.00 | 229.00 | NOTE |
Version: 1.14.1
Check: package dependencies
Result: NOTE
Package suggested but not available for checking: ‘ProFit’
Flavors: r-devel-linux-x86_64-debian-clang, r-devel-linux-x86_64-debian-gcc, r-devel-linux-x86_64-fedora-clang, r-devel-linux-x86_64-fedora-gcc, r-devel-windows-x86_64, r-patched-linux-x86_64, r-release-linux-x86_64, r-release-macos-arm64, r-release-windows-x86_64, r-oldrel-windows-x86_64
Version: 1.14.1
Check: C++ specification
Result: NOTE
Specified C++11: please drop specification unless essential
Flavors: r-devel-linux-x86_64-debian-clang, r-devel-linux-x86_64-debian-gcc, r-devel-linux-x86_64-fedora-clang, r-devel-linux-x86_64-fedora-gcc, r-devel-windows-x86_64, r-patched-linux-x86_64, r-release-linux-x86_64, r-release-macos-arm64, r-release-macos-x86_64, r-release-windows-x86_64
Version: 1.14.1
Check: installed package size
Result: NOTE
installed size is 5.1Mb
sub-directories of 1Mb or more:
data 1.7Mb
extdata 1.2Mb
libs 1.2Mb
Flavors: r-devel-windows-x86_64, r-release-macos-arm64, r-release-macos-x86_64, r-release-windows-x86_64, r-oldrel-macos-arm64, r-oldrel-macos-x86_64, r-oldrel-windows-x86_64
Version: 1.14.1
Check: package dependencies
Result: NOTE
Packages suggested but not available for checking:
'ProFit', 'EBImage', 'Rfast'
Flavor: r-release-macos-x86_64
Version: 1.14.1
Check: package dependencies
Result: NOTE
Package suggested but not available for checking: ‘EBImage’
Flavor: r-oldrel-macos-arm64