Last updated on 2023-02-02 06:55:02 CET.
Flavor | Version | Tinstall | Tcheck | Ttotal | Status | Flags |
---|---|---|---|---|---|---|
r-devel-linux-x86_64-debian-clang | 1.14.1 | 75.40 | 113.81 | 189.21 | NOTE | |
r-devel-linux-x86_64-debian-gcc | 1.14.1 | 53.39 | 83.61 | 137.00 | NOTE | |
r-devel-linux-x86_64-fedora-clang | 1.14.1 | 265.29 | NOTE | |||
r-devel-linux-x86_64-fedora-gcc | 1.14.1 | 232.13 | NOTE | |||
r-devel-windows-x86_64 | 1.14.1 | 110.00 | 189.00 | 299.00 | NOTE | |
r-patched-linux-x86_64 | 1.14.1 | 71.05 | 104.45 | 175.50 | NOTE | |
r-release-linux-x86_64 | 1.14.1 | 62.78 | 96.86 | 159.64 | NOTE | |
r-release-macos-arm64 | 1.14.1 | 60.00 | NOTE | |||
r-release-macos-x86_64 | 1.14.1 | 85.00 | NOTE | |||
r-release-windows-x86_64 | 1.14.1 | 87.00 | 195.00 | 282.00 | NOTE | |
r-oldrel-macos-arm64 | 1.14.1 | 123.00 | NOTE | |||
r-oldrel-macos-x86_64 | 1.14.1 | 136.00 | NOTE | |||
r-oldrel-windows-ix86+x86_64 | 1.14.1 | 162.00 | 166.00 | 328.00 | NOTE |
Version: 1.14.1
Check: package dependencies
Result: NOTE
Package suggested but not available for checking: ‘ProFit’
Flavors: r-devel-linux-x86_64-debian-clang, r-devel-linux-x86_64-debian-gcc, r-devel-linux-x86_64-fedora-clang, r-devel-linux-x86_64-fedora-gcc, r-patched-linux-x86_64, r-release-linux-x86_64
Version: 1.14.1
Check: C++ specification
Result: NOTE
Specified C++11: please update to current default of C++17
Flavors: r-devel-linux-x86_64-debian-clang, r-devel-linux-x86_64-debian-gcc, r-devel-linux-x86_64-fedora-clang, r-devel-linux-x86_64-fedora-gcc, r-devel-windows-x86_64
Version: 1.14.1
Check: installed package size
Result: NOTE
installed size is 5.1Mb
sub-directories of 1Mb or more:
data 1.7Mb
extdata 1.2Mb
libs 1.2Mb
Flavors: r-devel-windows-x86_64, r-release-macos-arm64, r-release-macos-x86_64, r-release-windows-x86_64, r-oldrel-macos-arm64, r-oldrel-macos-x86_64, r-oldrel-windows-ix86+x86_64
Version: 1.14.1
Check: package dependencies
Result: NOTE
Package suggested but not available for checking: ‘EBImage’
Flavors: r-release-macos-arm64, r-oldrel-macos-arm64