Last updated on 2023-03-25 07:02:28 CET.
Flavor | Version | Tinstall | Tcheck | Ttotal | Status | Flags |
---|---|---|---|---|---|---|
r-devel-linux-x86_64-debian-clang | 1.0-12 | 9.36 | 69.01 | 78.37 | NOTE | |
r-devel-linux-x86_64-debian-gcc | 1.0-12 | 6.65 | 53.55 | 60.20 | NOTE | |
r-devel-linux-x86_64-fedora-clang | 1.0-12 | 96.01 | NOTE | |||
r-devel-linux-x86_64-fedora-gcc | 1.0-12 | 102.49 | NOTE | |||
r-devel-windows-x86_64 | 1.0-12 | 16.00 | 91.00 | 107.00 | NOTE | |
r-patched-linux-x86_64 | 1.0-12 | 7.74 | 66.61 | 74.35 | NOTE | |
r-release-linux-x86_64 | 1.0-12 | 8.79 | 64.96 | 73.75 | NOTE | |
r-release-macos-arm64 | 1.0-12 | 28.00 | NOTE | |||
r-release-macos-x86_64 | 1.0-12 | 42.00 | NOTE | |||
r-release-windows-x86_64 | 1.0-12 | 21.00 | 97.00 | 118.00 | NOTE | |
r-oldrel-macos-arm64 | 1.0-12 | 36.00 | NOTE | |||
r-oldrel-macos-x86_64 | 1.0-12 | 51.00 | NOTE | |||
r-oldrel-windows-ix86+x86_64 | 1.0-12 | 18.00 | 92.00 | 110.00 | NOTE |
Version: 1.0-12
Check: LazyData
Result: NOTE
'LazyData' is specified without a 'data' directory
Flavors: r-devel-linux-x86_64-debian-clang, r-devel-linux-x86_64-debian-gcc, r-devel-linux-x86_64-fedora-clang, r-devel-linux-x86_64-fedora-gcc, r-devel-windows-x86_64, r-patched-linux-x86_64, r-release-linux-x86_64, r-release-macos-arm64, r-release-macos-x86_64, r-release-windows-x86_64, r-oldrel-macos-arm64, r-oldrel-macos-x86_64, r-oldrel-windows-ix86+x86_64