Last updated on 2023-01-27 07:50:40 CET.
Flavor | Version | Tinstall | Tcheck | Ttotal | Status | Flags |
---|---|---|---|---|---|---|
r-devel-linux-x86_64-debian-clang | 1.2-4 | 16.05 | 140.07 | 156.12 | WARN | |
r-devel-linux-x86_64-debian-gcc | 1.2-4 | 12.02 | 103.08 | 115.10 | OK | |
r-devel-linux-x86_64-fedora-clang | 1.2-4 | 194.14 | NOTE | |||
r-devel-linux-x86_64-fedora-gcc | 1.2-4 | 198.27 | NOTE | |||
r-devel-windows-x86_64 | 1.2-4 | 24.00 | 159.00 | 183.00 | OK | |
r-patched-linux-x86_64 | 1.2-4 | 13.70 | 138.89 | 152.59 | OK | |
r-release-linux-x86_64 | 1.2-4 | 11.44 | 137.47 | 148.91 | OK | |
r-release-macos-arm64 | 1.2-4 | 63.00 | NOTE | |||
r-release-macos-x86_64 | 1.2-4 | 104.00 | NOTE | |||
r-release-windows-x86_64 | 1.2-4 | 21.00 | 163.00 | 184.00 | OK | |
r-oldrel-macos-arm64 | 1.2-4 | 83.00 | NOTE | |||
r-oldrel-macos-x86_64 | 1.2-4 | 96.00 | NOTE | |||
r-oldrel-windows-ix86+x86_64 | 1.2-4 | 35.00 | 158.00 | 193.00 | OK |
Version: 1.2-4
Check: for code/documentation mismatches
Result: WARN
Error in b[[2L]] : subscript out of bounds
Calls: <Anonymous> -> vapply -> FUN
Execution halted
Flavor: r-devel-linux-x86_64-debian-clang
Version: 1.2-4
Check: dependencies in R code
Result: NOTE
Namespace in Imports field not imported from: ‘lazyeval’
All declared Imports should be used.
Flavors: r-devel-linux-x86_64-fedora-clang, r-devel-linux-x86_64-fedora-gcc, r-release-macos-arm64, r-release-macos-x86_64, r-oldrel-macos-arm64, r-oldrel-macos-x86_64