CRAN Package Check Results for Package PreProcessing

Last updated on 2023-01-26 06:53:04 CET.

Flavor Version Tinstall Tcheck Ttotal Status Flags
r-devel-linux-x86_64-debian-clang 0.1.0 1.92 20.78 22.70 OK
r-devel-linux-x86_64-debian-gcc 0.1.0 1.54 16.46 18.00 OK
r-devel-linux-x86_64-fedora-clang 0.1.0 29.10 NOTE
r-devel-linux-x86_64-fedora-gcc 0.1.0 29.75 NOTE
r-devel-windows-x86_64 0.1.0 8.00 48.00 56.00 OK
r-patched-linux-x86_64 0.1.0 2.19 21.23 23.42 OK
r-release-linux-x86_64 0.1.0 1.94 21.52 23.46 OK
r-release-macos-arm64 0.1.0 14.00 NOTE
r-release-macos-x86_64 0.1.0 26.00 NOTE
r-release-windows-x86_64 0.1.0 13.00 49.00 62.00 OK
r-oldrel-macos-arm64 0.1.0 18.00 NOTE
r-oldrel-macos-x86_64 0.1.0 19.00 NOTE
r-oldrel-windows-ix86+x86_64 0.1.0 5.00 45.00 50.00 OK

Check Details

Version: 0.1.0
Check: dependencies in R code
Result: NOTE
    Namespace in Imports field not imported from: ‘ggplot2’
     All declared Imports should be used.
Flavors: r-devel-linux-x86_64-fedora-clang, r-devel-linux-x86_64-fedora-gcc, r-release-macos-arm64, r-release-macos-x86_64, r-oldrel-macos-arm64, r-oldrel-macos-x86_64