CRAN Package Check Results for Package PortfolioOptim

Last updated on 2023-02-09 06:55:39 CET.

Flavor Version Tinstall Tcheck Ttotal Status Flags
r-devel-linux-x86_64-debian-clang 1.1.1 2.65 27.69 30.34 NOTE
r-devel-linux-x86_64-debian-gcc 1.1.1 2.27 21.92 24.19 NOTE
r-devel-linux-x86_64-fedora-clang 1.1.1 41.42 NOTE
r-devel-linux-x86_64-fedora-gcc 1.1.1 38.71 NOTE
r-devel-windows-x86_64 1.1.1 21.00 58.00 79.00 NOTE
r-patched-linux-x86_64 1.1.1 1.97 28.90 30.87 NOTE
r-release-linux-x86_64 1.1.1 2.22 28.78 31.00 NOTE
r-release-macos-arm64 1.1.1 18.00 NOTE
r-release-macos-x86_64 1.1.1 22.00 NOTE
r-release-windows-x86_64 1.1.1 26.00 68.00 94.00 NOTE
r-oldrel-macos-arm64 1.1.1 20.00 NOTE
r-oldrel-macos-x86_64 1.1.1 28.00 NOTE
r-oldrel-windows-ix86+x86_64 1.1.1 6.00 52.00 58.00 NOTE

Check Details

Version: 1.1.1
Check: LazyData
Result: NOTE
     'LazyData' is specified without a 'data' directory
Flavors: r-devel-linux-x86_64-debian-clang, r-devel-linux-x86_64-debian-gcc, r-devel-linux-x86_64-fedora-clang, r-devel-linux-x86_64-fedora-gcc, r-devel-windows-x86_64, r-patched-linux-x86_64, r-release-linux-x86_64, r-release-macos-arm64, r-release-macos-x86_64, r-release-windows-x86_64, r-oldrel-macos-arm64, r-oldrel-macos-x86_64, r-oldrel-windows-ix86+x86_64