Last updated on 2023-03-29 07:55:28 CEST.
Flavor | Version | Tinstall | Tcheck | Ttotal | Status | Flags |
---|---|---|---|---|---|---|
r-devel-linux-x86_64-debian-clang | 1.1.0 | 9.15 | 105.20 | 114.35 | OK | |
r-devel-linux-x86_64-debian-gcc | 1.1.0 | 8.00 | 79.36 | 87.36 | OK | |
r-devel-linux-x86_64-fedora-clang | 1.1.0 | 142.56 | OK | |||
r-devel-linux-x86_64-fedora-gcc | 1.1.0 | 151.33 | OK | |||
r-devel-windows-x86_64 | 1.1.0 | 22.00 | 0.00 | 22.00 | OK | |
r-patched-linux-x86_64 | 1.1.0 | 13.97 | 100.01 | 113.98 | OK | |
r-release-linux-x86_64 | 1.1.0 | 11.36 | 97.86 | 109.22 | OK | |
r-release-macos-arm64 | 1.1.0 | 55.00 | OK | |||
r-release-macos-x86_64 | 1.1.0 | 58.00 | OK | |||
r-release-windows-x86_64 | 1.1.0 | 17.00 | 131.00 | 148.00 | OK | |
r-oldrel-macos-arm64 | 1.1.0 | 50.00 | OK | |||
r-oldrel-macos-x86_64 | 1.1.0 | 85.00 | OK | |||
r-oldrel-windows-ix86+x86_64 | 1.1.0 | 25.00 | 124.00 | 149.00 | NOTE |
Version: 1.1.0
Check: R code for possible problems
Result: NOTE
Initiating curl with CURL_SSL_BACKEND: openssl
Flavor: r-oldrel-windows-ix86+x86_64