Last updated on 2023-01-29 07:56:11 CET.
Flavor | Version | Tinstall | Tcheck | Ttotal | Status | Flags |
---|---|---|---|---|---|---|
r-devel-linux-x86_64-debian-clang | 0.1.6 | 8.48 | 80.75 | 89.23 | NOTE | |
r-devel-linux-x86_64-debian-gcc | 0.1.6 | 6.77 | 57.85 | 64.62 | NOTE | |
r-devel-linux-x86_64-fedora-clang | 0.1.6 | 108.28 | NOTE | |||
r-devel-linux-x86_64-fedora-gcc | 0.1.6 | 112.38 | NOTE | |||
r-devel-windows-x86_64 | 0.1.6 | 32.00 | 116.00 | 148.00 | OK | |
r-patched-linux-x86_64 | 0.1.6 | 7.19 | 74.88 | 82.07 | NOTE | |
r-release-linux-x86_64 | 0.1.6 | 5.92 | 77.00 | 82.92 | NOTE | |
r-release-macos-arm64 | 0.1.6 | 30.00 | OK | |||
r-release-macos-x86_64 | 0.1.6 | 55.00 | OK | |||
r-release-windows-x86_64 | 0.1.6 | 36.00 | 119.00 | 155.00 | OK | |
r-oldrel-macos-arm64 | 0.1.6 | 33.00 | OK | |||
r-oldrel-macos-x86_64 | 0.1.6 | 44.00 | OK | |||
r-oldrel-windows-ix86+x86_64 | 0.1.6 | 21.00 | 105.00 | 126.00 | OK |
Version: 0.1.6
Check: for non-standard things in the check directory
Result: NOTE
Found the following files/directories:
‘P2Run.csv’ ‘P2Run.html’ ‘P2Run.png’
Flavors: r-devel-linux-x86_64-debian-clang, r-devel-linux-x86_64-debian-gcc, r-devel-linux-x86_64-fedora-clang, r-devel-linux-x86_64-fedora-gcc, r-patched-linux-x86_64, r-release-linux-x86_64