Last updated on 2023-02-04 08:01:23 CET.
Flavor | Version | Tinstall | Tcheck | Ttotal | Status | Flags |
---|---|---|---|---|---|---|
r-devel-linux-x86_64-debian-clang | 1.3.1 | 24.85 | 244.21 | 269.06 | OK | |
r-devel-linux-x86_64-debian-gcc | 1.3.1 | 20.43 | 164.56 | 184.99 | OK | |
r-devel-linux-x86_64-fedora-clang | 1.3.1 | 315.25 | NOTE | |||
r-devel-linux-x86_64-fedora-gcc | 1.3.1 | 341.15 | OK | |||
r-devel-windows-x86_64 | 1.3.1 | 112.00 | 290.00 | 402.00 | NOTE | |
r-patched-linux-x86_64 | 1.3.1 | 30.70 | 220.56 | 251.26 | OK | |
r-release-linux-x86_64 | 1.3.1 | 20.35 | 219.80 | 240.15 | OK | |
r-release-macos-arm64 | 1.3.1 | 86.00 | NOTE | |||
r-release-macos-x86_64 | 1.3.1 | 105.00 | NOTE | |||
r-release-windows-x86_64 | 1.3.1 | 87.00 | 270.00 | 357.00 | NOTE | |
r-oldrel-macos-arm64 | 1.3.1 | 93.00 | NOTE | |||
r-oldrel-macos-x86_64 | 1.3.1 | 94.00 | NOTE | |||
r-oldrel-windows-ix86+x86_64 | 1.3.1 | 38.00 | 284.00 | 322.00 | NOTE |
Version: 1.3.1
Check: installed package size
Result: NOTE
installed size is 7.0Mb
sub-directories of 1Mb or more:
doc 5.9Mb
Flavors: r-devel-linux-x86_64-fedora-clang, r-devel-windows-x86_64, r-release-macos-arm64, r-release-macos-x86_64, r-release-windows-x86_64, r-oldrel-macos-arm64, r-oldrel-macos-x86_64, r-oldrel-windows-ix86+x86_64