Last updated on 2023-11-28 07:53:12 CET.
Flavor | Version | Tinstall | Tcheck | Ttotal | Status | Flags |
---|---|---|---|---|---|---|
r-devel-linux-x86_64-debian-clang | 1.6.0 | 33.16 | 337.33 | 370.49 | OK | |
r-devel-linux-x86_64-debian-gcc | 1.6.0 | 29.87 | 252.46 | 282.33 | OK | |
r-devel-linux-x86_64-fedora-clang | 1.6.0 | 464.57 | NOTE | |||
r-devel-linux-x86_64-fedora-gcc | 1.6.0 | 463.57 | OK | |||
r-devel-windows-x86_64 | 1.6.0 | 29.00 | 246.00 | 275.00 | NOTE | |
r-patched-linux-x86_64 | 1.6.0 | 40.38 | 317.28 | 357.66 | OK | |
r-release-linux-x86_64 | 1.6.0 | 22.63 | 336.48 | 359.11 | OK | |
r-release-macos-arm64 | 1.6.0 | 123.00 | NOTE | |||
r-release-macos-x86_64 | 1.6.0 | 245.00 | NOTE | |||
r-release-windows-x86_64 | 1.6.0 | 40.00 | 325.00 | 365.00 | NOTE | |
r-oldrel-macos-arm64 | 1.6.0 | 117.00 | NOTE | |||
r-oldrel-macos-x86_64 | 1.6.0 | 160.00 | NOTE | |||
r-oldrel-windows-x86_64 | 1.6.0 | 43.00 | 311.00 | 354.00 | NOTE |
Version: 1.6.0
Check: installed package size
Result: NOTE
installed size is 7.0Mb
sub-directories of 1Mb or more:
doc 5.9Mb
Flavors: r-devel-linux-x86_64-fedora-clang, r-devel-windows-x86_64, r-release-macos-arm64, r-release-macos-x86_64, r-release-windows-x86_64, r-oldrel-macos-arm64, r-oldrel-macos-x86_64, r-oldrel-windows-x86_64