CRAN Package Check Results for Package PieceExpIntensity

Last updated on 2023-01-26 06:53:04 CET.

Flavor Version Tinstall Tcheck Ttotal Status Flags
r-devel-linux-x86_64-debian-clang 1.0.4 27.97 27.37 55.34 NOTE
r-devel-linux-x86_64-debian-gcc 1.0.4 26.26 21.56 47.82 NOTE
r-devel-linux-x86_64-fedora-clang 1.0.4 84.46 NOTE
r-devel-linux-x86_64-fedora-gcc 1.0.4 80.66 NOTE
r-devel-windows-x86_64 1.0.4 111.00 72.00 183.00 NOTE
r-patched-linux-x86_64 1.0.4 29.17 27.59 56.76 NOTE
r-release-linux-x86_64 1.0.4 27.77 27.55 55.32 NOTE
r-release-macos-arm64 1.0.4 24.00 NOTE
r-release-macos-x86_64 1.0.4 33.00 NOTE
r-release-windows-x86_64 1.0.4 35.00 84.00 119.00 NOTE
r-oldrel-macos-arm64 1.0.4 29.00 NOTE
r-oldrel-macos-x86_64 1.0.4 49.00 NOTE
r-oldrel-windows-ix86+x86_64 1.0.4 82.00 83.00 165.00 NOTE

Check Details

Version: 1.0.4
Check: LazyData
Result: NOTE
     'LazyData' is specified without a 'data' directory
Flavors: r-devel-linux-x86_64-debian-clang, r-devel-linux-x86_64-debian-gcc, r-devel-linux-x86_64-fedora-clang, r-devel-linux-x86_64-fedora-gcc, r-devel-windows-x86_64, r-patched-linux-x86_64, r-release-linux-x86_64, r-release-macos-arm64, r-release-macos-x86_64, r-release-windows-x86_64, r-oldrel-macos-arm64, r-oldrel-macos-x86_64, r-oldrel-windows-ix86+x86_64