Last updated on 2023-01-29 07:56:11 CET.
Flavor | Version | Tinstall | Tcheck | Ttotal | Status | Flags |
---|---|---|---|---|---|---|
r-devel-linux-x86_64-debian-clang | 1.6.0 | 55.33 | 224.45 | 279.78 | OK | |
r-devel-linux-x86_64-debian-gcc | 1.6.0 | 49.47 | 161.79 | 211.26 | OK | |
r-devel-linux-x86_64-fedora-clang | 1.6.0 | 371.26 | OK | |||
r-devel-linux-x86_64-fedora-gcc | 1.6.0 | 379.47 | OK | |||
r-devel-windows-x86_64 | 1.6.0 | 295.00 | 482.00 | 777.00 | OK | |
r-patched-linux-x86_64 | 1.6.0 | 54.48 | 203.72 | 258.20 | OK | |
r-release-linux-x86_64 | 1.6.0 | 49.46 | 203.21 | 252.67 | OK | |
r-release-macos-arm64 | 1.6.0 | 163.00 | NOTE | |||
r-release-macos-x86_64 | 1.6.0 | 184.00 | NOTE | |||
r-release-windows-x86_64 | 1.6.0 | 179.00 | 471.00 | 650.00 | OK | |
r-oldrel-macos-arm64 | 1.6.0 | 144.00 | NOTE | |||
r-oldrel-macos-x86_64 | 1.6.0 | 181.00 | NOTE | |||
r-oldrel-windows-ix86+x86_64 | 1.6.0 | 130.00 | 525.00 | 655.00 | OK |
Version: 1.6.0
Check: installed package size
Result: NOTE
installed size is 5.1Mb
sub-directories of 1Mb or more:
libs 3.6Mb
Flavors: r-release-macos-arm64, r-release-macos-x86_64, r-oldrel-macos-arm64, r-oldrel-macos-x86_64