CRAN Package Check Results for Package PhySortR

Last updated on 2023-01-26 06:53:04 CET.

Flavor Version Tinstall Tcheck Ttotal Status Flags
r-devel-linux-x86_64-debian-clang 1.0.8 9.55 88.44 97.99 NOTE
r-devel-linux-x86_64-debian-gcc 1.0.8 8.25 67.45 75.70 NOTE
r-devel-linux-x86_64-fedora-clang 1.0.8 131.02 NOTE
r-devel-linux-x86_64-fedora-gcc 1.0.8 131.81 NOTE
r-devel-windows-x86_64 1.0.8 18.00 109.00 127.00 NOTE
r-patched-linux-x86_64 1.0.8 12.79 87.84 100.63 NOTE
r-release-linux-x86_64 1.0.8 9.04 88.78 97.82 NOTE
r-release-macos-arm64 1.0.8 35.00 NOTE
r-release-macos-x86_64 1.0.8 50.00 NOTE
r-release-windows-x86_64 1.0.8 14.00 112.00 126.00 NOTE
r-oldrel-macos-arm64 1.0.8 43.00 NOTE
r-oldrel-macos-x86_64 1.0.8 71.00 NOTE
r-oldrel-windows-ix86+x86_64 1.0.8 26.00 108.00 134.00 NOTE

Check Details

Version: 1.0.8
Check: LazyData
Result: NOTE
     'LazyData' is specified without a 'data' directory
Flavors: r-devel-linux-x86_64-debian-clang, r-devel-linux-x86_64-debian-gcc, r-devel-linux-x86_64-fedora-clang, r-devel-linux-x86_64-fedora-gcc, r-devel-windows-x86_64, r-patched-linux-x86_64, r-release-linux-x86_64, r-release-macos-arm64, r-release-macos-x86_64, r-release-windows-x86_64, r-oldrel-macos-arm64, r-oldrel-macos-x86_64, r-oldrel-windows-ix86+x86_64