CRAN Package Check Results for Package PhySortR

Last updated on 2024-06-16 06:58:53 CEST.

Flavor Version Tinstall Tcheck Ttotal Status Flags
r-devel-linux-x86_64-debian-clang 1.0.8 7.40 91.04 98.44 NOTE
r-devel-linux-x86_64-debian-gcc 1.0.8 8.78 67.92 76.70 NOTE
r-devel-linux-x86_64-fedora-clang 1.0.8 130.05 NOTE
r-devel-linux-x86_64-fedora-gcc 1.0.8 122.57 NOTE
r-devel-windows-x86_64 1.0.8 10.00 78.00 88.00 NOTE
r-patched-linux-x86_64 1.0.8 14.48 87.38 101.86 NOTE
r-release-linux-x86_64 1.0.8 12.18 87.43 99.61 NOTE
r-release-macos-arm64 1.0.8 36.00 NOTE
r-release-macos-x86_64 1.0.8 56.00 NOTE
r-release-windows-x86_64 1.0.8 10.00 80.00 90.00 NOTE
r-oldrel-macos-arm64 1.0.8 42.00 NOTE
r-oldrel-macos-x86_64 1.0.8 64.00 NOTE
r-oldrel-windows-x86_64 1.0.8 14.00 105.00 119.00 NOTE

Check Details

Version: 1.0.8
Check: LazyData
Result: NOTE 'LazyData' is specified without a 'data' directory Flavors: r-devel-linux-x86_64-debian-clang, r-devel-linux-x86_64-debian-gcc, r-devel-linux-x86_64-fedora-clang, r-devel-linux-x86_64-fedora-gcc, r-devel-windows-x86_64, r-patched-linux-x86_64, r-release-linux-x86_64, r-release-macos-arm64, r-release-macos-x86_64, r-release-windows-x86_64, r-oldrel-macos-arm64, r-oldrel-macos-x86_64, r-oldrel-windows-x86_64