CRAN Package Check Results for Package PhenotypeSimulator

Last updated on 2023-09-21 07:55:01 CEST.

Flavor Version Tinstall Tcheck Ttotal Status Flags
r-devel-linux-x86_64-debian-clang 0.3.4 37.37 285.16 322.53 NOTE
r-devel-linux-x86_64-debian-gcc 0.3.4 25.03 208.06 233.09 NOTE
r-devel-linux-x86_64-fedora-clang 0.3.4 391.89 NOTE
r-devel-linux-x86_64-fedora-gcc 0.3.4 421.30 NOTE
r-devel-windows-x86_64 0.3.4 28.00 321.00 349.00 NOTE
r-patched-linux-x86_64 0.3.4 30.11 270.19 300.30 NOTE
r-release-linux-x86_64 0.3.4 27.45 278.01 305.46 NOTE
r-release-macos-arm64 0.3.4 9.00 ERROR
r-release-macos-x86_64 0.3.4 195.00 NOTE
r-release-windows-x86_64 0.3.4 38.00 295.00 333.00 NOTE
r-oldrel-macos-arm64 0.3.4 108.00 NOTE
r-oldrel-macos-x86_64 0.3.4 158.00 NOTE
r-oldrel-windows-x86_64 0.3.4 39.00 289.00 328.00 NOTE

Check Details

Version: 0.3.4
Check: C++ specification
Result: NOTE
     Specified C++11: please drop specification unless essential
Flavors: r-devel-linux-x86_64-debian-clang, r-devel-linux-x86_64-debian-gcc, r-devel-linux-x86_64-fedora-clang, r-devel-linux-x86_64-fedora-gcc, r-devel-windows-x86_64, r-patched-linux-x86_64, r-release-linux-x86_64, r-release-macos-x86_64, r-release-windows-x86_64

Version: 0.3.4
Check: installed package size
Result: NOTE
     installed size is 5.1Mb
     sub-directories of 1Mb or more:
     doc 1.5Mb
     extdata 3.2Mb
Flavors: r-devel-linux-x86_64-fedora-clang, r-devel-windows-x86_64, r-release-macos-x86_64, r-release-windows-x86_64, r-oldrel-macos-arm64, r-oldrel-macos-x86_64, r-oldrel-windows-x86_64

Version: 0.3.4
Check: package dependencies
Result: ERROR
    Package required but not available: ‘snpStats’
    
    See section ‘The DESCRIPTION file’ in the ‘Writing R Extensions’
    manual.
Flavor: r-release-macos-arm64