Last updated on 2023-01-29 07:56:11 CET.
Flavor | Version | Tinstall | Tcheck | Ttotal | Status | Flags |
---|---|---|---|---|---|---|
r-devel-linux-x86_64-debian-clang | 0.3.4 | 34.72 | 283.93 | 318.65 | OK | |
r-devel-linux-x86_64-debian-gcc | 0.3.4 | 25.91 | 206.82 | 232.73 | NOTE | |
r-devel-linux-x86_64-fedora-clang | 0.3.4 | 412.58 | NOTE | |||
r-devel-linux-x86_64-fedora-gcc | 0.3.4 | 388.23 | NOTE | |||
r-devel-windows-x86_64 | 0.3.4 | 791.00 | 389.00 | 1180.00 | NOTE | |
r-patched-linux-x86_64 | 0.3.4 | 29.08 | 264.00 | 293.08 | OK | |
r-release-linux-x86_64 | 0.3.4 | 27.18 | 254.97 | 282.15 | OK | |
r-release-macos-arm64 | 0.3.4 | 108.00 | NOTE | |||
r-release-macos-x86_64 | 0.3.4 | 158.00 | NOTE | |||
r-release-windows-x86_64 | 0.3.4 | 287.00 | 349.00 | 636.00 | NOTE | |
r-oldrel-macos-arm64 | 0.3.4 | 142.00 | NOTE | |||
r-oldrel-macos-x86_64 | 0.3.4 | 125.00 | NOTE | |||
r-oldrel-windows-ix86+x86_64 | 0.3.4 | 78.00 | 436.00 | 514.00 | NOTE |
Version: 0.3.4
Check: C++ specification
Result: NOTE
Specified C++11: please update to current default of C++17
Flavors: r-devel-linux-x86_64-debian-gcc, r-devel-linux-x86_64-fedora-gcc, r-devel-windows-x86_64
Version: 0.3.4
Check: installed package size
Result: NOTE
installed size is 5.1Mb
sub-directories of 1Mb or more:
doc 1.5Mb
extdata 3.2Mb
Flavors: r-devel-linux-x86_64-fedora-clang, r-devel-windows-x86_64, r-release-macos-arm64, r-release-macos-x86_64, r-release-windows-x86_64, r-oldrel-macos-arm64, r-oldrel-macos-x86_64, r-oldrel-windows-ix86+x86_64