Last updated on 2025-01-20 08:48:33 CET.
Flavor | Version | Tinstall | Tcheck | Ttotal | Status | Flags |
---|---|---|---|---|---|---|
r-devel-linux-x86_64-debian-clang | 1.2.1 | 8.83 | 241.38 | 250.21 | OK | |
r-devel-linux-x86_64-debian-gcc | 1.2.1 | 7.14 | 169.32 | 176.46 | OK | |
r-devel-linux-x86_64-fedora-clang | 1.2.1 | 438.07 | OK | |||
r-devel-linux-x86_64-fedora-gcc | 1.2.1 | 423.52 | OK | |||
r-devel-windows-x86_64 | 1.2.1 | 11.00 | 246.00 | 257.00 | OK | |
r-patched-linux-x86_64 | 1.2.1 | 8.37 | 236.19 | 244.56 | OK | |
r-release-linux-x86_64 | 1.2.1 | 9.09 | 238.74 | 247.83 | OK | |
r-release-macos-arm64 | 1.2.1 | 146.00 | OK | |||
r-release-macos-x86_64 | 1.2.1 | 218.00 | NOTE | |||
r-release-windows-x86_64 | 1.2.1 | 9.00 | 250.00 | 259.00 | OK | |
r-oldrel-macos-arm64 | 1.2.1 | 164.00 | NOTE | |||
r-oldrel-macos-x86_64 | 1.2.1 | 271.00 | NOTE | |||
r-oldrel-windows-x86_64 | 1.2.1 | 14.00 | 306.00 | 320.00 | OK |
Version: 1.2.1
Check: installed package size
Result: NOTE
installed size is 5.4Mb
sub-directories of 1Mb or more:
data 3.4Mb
doc 1.9Mb
Flavors: r-release-macos-x86_64, r-oldrel-macos-arm64, r-oldrel-macos-x86_64
Version: 1.2.1
Check: package dependencies
Result: NOTE
Packages suggested but not available for checking:
'randomForestSRC', 'xgboost'
Flavor: r-oldrel-macos-x86_64