CRAN Package Check Results for Package PheCAP

Last updated on 2024-04-19 20:56:46 CEST.

Flavor Version Tinstall Tcheck Ttotal Status Flags
r-devel-linux-x86_64-debian-clang 1.2.1 12.42 320.58 333.00 OK
r-devel-linux-x86_64-debian-gcc 1.2.1 OK
r-devel-linux-x86_64-fedora-clang 1.2.1 419.27 OK
r-devel-linux-x86_64-fedora-gcc 1.2.1 425.94 OK
r-prerel-macos-arm64 1.2.1 146.00 OK
r-prerel-windows-x86_64 1.2.1 11.00 251.00 262.00 OK
r-patched-linux-x86_64 1.2.1 11.56 327.03 338.59 OK
r-release-linux-x86_64 1.2.1 12.85 321.31 334.16 OK
r-release-macos-arm64 1.2.1 164.00 NOTE
r-release-macos-x86_64 1.2.1 271.00 NOTE
r-release-windows-x86_64 1.2.1 13.00 312.00 325.00 OK
r-oldrel-macos-arm64 1.2.1 283.00 OK
r-oldrel-windows-x86_64 1.2.1 15.00 312.00 327.00 OK

Check Details

Version: 1.2.1
Check: installed package size
Result: NOTE installed size is 5.1Mb sub-directories of 1Mb or more: data 3.1Mb doc 1.9Mb Flavors: r-release-macos-arm64, r-release-macos-x86_64

Version: 1.2.1
Check: package dependencies
Result: NOTE Packages suggested but not available for checking: 'randomForestSRC', 'xgboost' Flavor: r-release-macos-x86_64