CRAN Package Check Results for Package Phase123

Last updated on 2025-01-20 08:48:33 CET.

Flavor Version Tinstall Tcheck Ttotal Status Flags
r-devel-linux-x86_64-debian-clang 2.1 36.24 62.54 98.78 OK
r-devel-linux-x86_64-debian-gcc 2.1 22.49 45.86 68.35 OK
r-devel-linux-x86_64-fedora-clang 2.1 167.03 OK
r-devel-linux-x86_64-fedora-gcc 2.1 173.09 OK
r-devel-windows-x86_64 2.1 34.00 108.00 142.00 OK
r-patched-linux-x86_64 2.1 31.89 57.96 89.85 NOTE
r-release-linux-x86_64 2.1 32.55 58.10 90.65 NOTE
r-release-macos-arm64 2.1 45.00 NOTE
r-release-macos-x86_64 2.1 75.00 NOTE
r-release-windows-x86_64 2.1 33.00 98.00 131.00 NOTE
r-oldrel-macos-arm64 2.1 53.00 NOTE
r-oldrel-macos-x86_64 2.1 86.00 NOTE
r-oldrel-windows-x86_64 2.1 40.00 121.00 161.00 NOTE

Check Details

Version: 2.1
Check: LazyData
Result: NOTE 'LazyData' is specified without a 'data' directory Flavors: r-patched-linux-x86_64, r-release-linux-x86_64, r-release-macos-arm64, r-release-macos-x86_64, r-release-windows-x86_64, r-oldrel-macos-arm64, r-oldrel-macos-x86_64, r-oldrel-windows-x86_64