Last updated on 2023-03-28 07:53:10 CEST.
Flavor | Version | Tinstall | Tcheck | Ttotal | Status | Flags |
---|---|---|---|---|---|---|
r-devel-linux-x86_64-debian-clang | 1.0.8 | 8.89 | 91.90 | 100.79 | OK | |
r-devel-linux-x86_64-debian-gcc | 1.0.8 | 7.67 | 69.58 | 77.25 | OK | |
r-devel-linux-x86_64-fedora-clang | 1.0.8 | 128.82 | OK | |||
r-devel-linux-x86_64-fedora-gcc | 1.0.8 | 131.86 | OK | |||
r-patched-linux-x86_64 | 1.0.8 | 9.37 | 86.98 | 96.35 | OK | |
r-release-linux-x86_64 | 1.0.8 | 10.33 | 84.86 | 95.19 | OK | |
r-release-macos-arm64 | 1.0.8 | 5.00 | ERROR | |||
r-release-macos-x86_64 | 1.0.8 | 59.00 | OK | |||
r-release-windows-x86_64 | 1.0.8 | 14.00 | 116.00 | 130.00 | OK | |
r-oldrel-macos-arm64 | 1.0.8 | 9.00 | ERROR | |||
r-oldrel-macos-x86_64 | 1.0.8 | 68.00 | OK | |||
r-oldrel-windows-ix86+x86_64 | 1.0.8 | 21.00 | 110.00 | 131.00 | OK |
Version: 1.0.8
Check: package dependencies
Result: ERROR
Package required but not available: ‘LBE’
See section ‘The DESCRIPTION file’ in the ‘Writing R Extensions’
manual.
Flavors: r-release-macos-arm64, r-oldrel-macos-arm64