CRAN Package Check Results for Package PetfindeR

Last updated on 2023-02-06 06:52:04 CET.

Flavor Version Tinstall Tcheck Ttotal Status Flags
r-devel-linux-x86_64-debian-clang 2.1.0 2.42 26.00 28.42 NOTE
r-devel-linux-x86_64-debian-gcc 2.1.0 2.64 19.96 22.60 NOTE
r-devel-linux-x86_64-fedora-clang 2.1.0 37.10 NOTE
r-devel-linux-x86_64-fedora-gcc 2.1.0 46.37 NOTE
r-devel-windows-x86_64 2.1.0 19.00 57.00 76.00 NOTE
r-patched-linux-x86_64 2.1.0 2.53 25.33 27.86 NOTE
r-release-linux-x86_64 2.1.0 2.60 25.85 28.45 NOTE
r-release-macos-arm64 2.1.0 17.00 NOTE
r-release-macos-x86_64 2.1.0 24.00 NOTE
r-release-windows-x86_64 2.1.0 17.00 60.00 77.00 NOTE
r-oldrel-macos-arm64 2.1.0 19.00 NOTE
r-oldrel-macos-x86_64 2.1.0 25.00 NOTE
r-oldrel-windows-ix86+x86_64 2.1.0 8.00 52.00 60.00 NOTE

Check Details

Version: 2.1.0
Check: LazyData
Result: NOTE
     'LazyData' is specified without a 'data' directory
Flavors: r-devel-linux-x86_64-debian-clang, r-devel-linux-x86_64-debian-gcc, r-devel-linux-x86_64-fedora-clang, r-devel-linux-x86_64-fedora-gcc, r-devel-windows-x86_64, r-patched-linux-x86_64, r-release-linux-x86_64, r-release-macos-arm64, r-release-macos-x86_64, r-release-windows-x86_64, r-oldrel-macos-arm64, r-oldrel-macos-x86_64, r-oldrel-windows-ix86+x86_64

Version: 2.1.0
Check: dependencies in R code
Result: NOTE
    Namespace in Imports field not imported from: ‘R6’
     All declared Imports should be used.
Flavors: r-devel-linux-x86_64-fedora-clang, r-devel-linux-x86_64-fedora-gcc, r-release-macos-arm64, r-release-macos-x86_64, r-oldrel-macos-arm64, r-oldrel-macos-x86_64