Last updated on 2023-11-30 07:52:44 CET.
Flavor | Version | Tinstall | Tcheck | Ttotal | Status | Flags |
---|---|---|---|---|---|---|
r-devel-linux-x86_64-debian-clang | 2.1.0 | 2.90 | 25.64 | 28.54 | NOTE | |
r-devel-linux-x86_64-debian-gcc | 2.1.0 | 2.65 | 20.67 | 23.32 | NOTE | |
r-devel-linux-x86_64-fedora-clang | 2.1.0 | 37.55 | NOTE | |||
r-devel-linux-x86_64-fedora-gcc | 2.1.0 | 46.99 | NOTE | |||
r-devel-windows-x86_64 | 2.1.0 | 3.00 | 45.00 | 48.00 | NOTE | |
r-patched-linux-x86_64 | 2.1.0 | 2.99 | 25.68 | 28.67 | NOTE | |
r-release-linux-x86_64 | 2.1.0 | 2.52 | 25.64 | 28.16 | NOTE | |
r-release-macos-arm64 | 2.1.0 | 22.00 | NOTE | |||
r-release-macos-x86_64 | 2.1.0 | 32.00 | NOTE | |||
r-release-windows-x86_64 | 2.1.0 | 4.00 | 44.00 | 48.00 | NOTE | |
r-oldrel-macos-arm64 | 2.1.0 | 20.00 | NOTE | |||
r-oldrel-macos-x86_64 | 2.1.0 | 24.00 | NOTE | |||
r-oldrel-windows-x86_64 | 2.1.0 | 4.00 | 48.00 | 52.00 | NOTE |
Version: 2.1.0
Check: LazyData
Result: NOTE
'LazyData' is specified without a 'data' directory
Flavors: r-devel-linux-x86_64-debian-clang, r-devel-linux-x86_64-debian-gcc, r-devel-linux-x86_64-fedora-clang, r-devel-linux-x86_64-fedora-gcc, r-devel-windows-x86_64, r-patched-linux-x86_64, r-release-linux-x86_64, r-release-macos-arm64, r-release-macos-x86_64, r-release-windows-x86_64, r-oldrel-macos-arm64, r-oldrel-macos-x86_64, r-oldrel-windows-x86_64
Version: 2.1.0
Check: dependencies in R code
Result: NOTE
Namespace in Imports field not imported from: ‘R6’
All declared Imports should be used.
Flavors: r-devel-linux-x86_64-fedora-clang, r-devel-linux-x86_64-fedora-gcc, r-oldrel-macos-x86_64