CRAN Package Check Results for Package PetfindeR

Last updated on 2025-01-25 07:50:36 CET.

Flavor Version Tinstall Tcheck Ttotal Status Flags
r-devel-linux-x86_64-debian-clang 2.1.0 2.66 22.48 25.14 OK
r-devel-linux-x86_64-debian-gcc 2.1.0 1.79 18.57 20.36 OK
r-devel-linux-x86_64-fedora-clang 2.1.0 41.81 NOTE
r-devel-linux-x86_64-fedora-gcc 2.1.0 52.14 NOTE
r-devel-windows-x86_64 2.1.0 6.00 52.00 58.00 OK
r-patched-linux-x86_64 2.1.0 2.59 21.36 23.95 NOTE
r-release-linux-x86_64 2.1.0 2.69 21.59 24.28 NOTE
r-release-macos-arm64 2.1.0 22.00 NOTE
r-release-macos-x86_64 2.1.0 34.00 NOTE
r-release-windows-x86_64 2.1.0 4.00 46.00 50.00 NOTE
r-oldrel-macos-arm64 2.1.0 22.00 NOTE
r-oldrel-macos-x86_64 2.1.0 32.00 NOTE
r-oldrel-windows-x86_64 2.1.0 4.00 47.00 51.00 NOTE

Check Details

Version: 2.1.0
Check: dependencies in R code
Result: NOTE Namespace in Imports field not imported from: ‘R6’ All declared Imports should be used. Flavors: r-devel-linux-x86_64-fedora-clang, r-devel-linux-x86_64-fedora-gcc

Version: 2.1.0
Check: LazyData
Result: NOTE 'LazyData' is specified without a 'data' directory Flavors: r-patched-linux-x86_64, r-release-linux-x86_64, r-release-macos-arm64, r-release-macos-x86_64, r-release-windows-x86_64, r-oldrel-macos-arm64, r-oldrel-macos-x86_64, r-oldrel-windows-x86_64