Last updated on 2023-02-03 06:50:27 CET.
Flavor | Version | Tinstall | Tcheck | Ttotal | Status | Flags |
---|---|---|---|---|---|---|
r-devel-linux-x86_64-debian-clang | 2018.05.25 | 10.86 | 152.12 | 162.98 | NOTE | |
r-devel-linux-x86_64-debian-gcc | 2018.05.25 | 7.69 | 107.48 | 115.17 | NOTE | |
r-devel-linux-x86_64-fedora-clang | 2018.05.25 | 205.48 | NOTE | |||
r-devel-linux-x86_64-fedora-gcc | 2018.05.25 | 201.97 | NOTE | |||
r-patched-linux-x86_64 | 2018.05.25 | 7.87 | 151.06 | 158.93 | OK | |
r-release-linux-x86_64 | 2018.05.25 | 7.34 | 151.82 | 159.16 | OK | |
r-release-macos-arm64 | 2018.05.25 | 52.00 | OK | |||
r-release-macos-x86_64 | 2018.05.25 | 100.00 | OK | |||
r-release-windows-x86_64 | 2018.05.25 | 41.00 | 270.00 | 311.00 | OK | |
r-oldrel-macos-arm64 | 2018.05.25 | 61.00 | OK | |||
r-oldrel-macos-x86_64 | 2018.05.25 | 114.00 | OK | |||
r-oldrel-windows-ix86+x86_64 | 2018.05.25 | 26.00 | 471.00 | 497.00 | OK |
Version: 2018.05.25
Check: C++ specification
Result: NOTE
Specified C++11: please update to current default of C++17
Flavors: r-devel-linux-x86_64-debian-clang, r-devel-linux-x86_64-debian-gcc, r-devel-linux-x86_64-fedora-clang, r-devel-linux-x86_64-fedora-gcc