Last updated on 2023-01-31 07:54:19 CET.
Flavor | Version | Tinstall | Tcheck | Ttotal | Status | Flags |
---|---|---|---|---|---|---|
r-devel-linux-x86_64-debian-clang | 2.0.0 | 30.05 | 132.27 | 162.32 | OK | |
r-devel-linux-x86_64-debian-gcc | 2.0.0 | 26.56 | 100.87 | 127.43 | OK | |
r-devel-linux-x86_64-fedora-clang | 2.0.0 | 215.90 | NOTE | |||
r-devel-linux-x86_64-fedora-gcc | 2.0.0 | 241.79 | NOTE | |||
r-devel-windows-x86_64 | 2.0.0 | 52.00 | 245.00 | 297.00 | OK | |
r-patched-linux-x86_64 | 2.0.0 | 26.78 | 131.95 | 158.73 | OK | |
r-release-linux-x86_64 | 2.0.0 | 30.68 | 134.67 | 165.35 | OK | |
r-release-macos-arm64 | 2.0.0 | 57.00 | NOTE | |||
r-release-macos-x86_64 | 2.0.0 | 83.00 | NOTE | |||
r-release-windows-x86_64 | 2.0.0 | 40.00 | 260.00 | 300.00 | OK | |
r-oldrel-macos-arm64 | 2.0.0 | 48.00 | NOTE | |||
r-oldrel-macos-x86_64 | 2.0.0 | 81.00 | NOTE | |||
r-oldrel-windows-ix86+x86_64 | 2.0.0 | 84.00 | 233.00 | 317.00 | OK |
Version: 2.0.0
Check: dependencies in R code
Result: NOTE
Namespace in Imports field not imported from: ‘MASS’
All declared Imports should be used.
Flavors: r-devel-linux-x86_64-fedora-clang, r-devel-linux-x86_64-fedora-gcc, r-release-macos-arm64, r-release-macos-x86_64, r-oldrel-macos-arm64, r-oldrel-macos-x86_64