CRAN Package Check Results for Package PakPMICS2018mm

Last updated on 2024-02-26 08:48:52 CET.

Flavor Version Tinstall Tcheck Ttotal Status Flags
r-devel-linux-x86_64-debian-clang 0.1.0 5.95 44.13 50.08 NOTE
r-devel-linux-x86_64-debian-gcc 0.1.0 6.13 32.40 38.53 NOTE
r-devel-linux-x86_64-fedora-clang 0.1.0 69.46 NOTE
r-devel-linux-x86_64-fedora-gcc 0.1.0 78.45 NOTE
r-devel-windows-x86_64 0.1.0 9.00 53.00 62.00 OK
r-patched-linux-x86_64 0.1.0 7.23 42.79 50.02 OK
r-release-linux-x86_64 0.1.0 7.53 42.12 49.65 OK
r-release-macos-arm64 0.1.0 32.00 OK
r-release-macos-x86_64 0.1.0 47.00 OK
r-release-windows-x86_64 0.1.0 10.00 54.00 64.00 OK
r-oldrel-macos-arm64 0.1.0 26.00 OK
r-oldrel-windows-x86_64 0.1.0 11.00 64.00 75.00 OK

Check Details

Version: 0.1.0
Check: Rd files
Result: NOTE checkRd: (-1) PakPMICS2018mm.Rd:69: Lost braces in \enumerate; meant \describe ? checkRd: (-1) PakPMICS2018mm.Rd:70: Lost braces in \enumerate; meant \describe ? Flavors: r-devel-linux-x86_64-debian-clang, r-devel-linux-x86_64-debian-gcc, r-devel-linux-x86_64-fedora-clang, r-devel-linux-x86_64-fedora-gcc