Last updated on 2023-02-06 06:52:06 CET.
Flavor | Version | Tinstall | Tcheck | Ttotal | Status | Flags |
---|---|---|---|---|---|---|
r-devel-linux-x86_64-debian-clang | 1.3.0 | 24.89 | 102.31 | 127.20 | NOTE | |
r-devel-linux-x86_64-debian-gcc | 1.3.0 | 19.98 | 75.01 | 94.99 | NOTE | |
r-devel-linux-x86_64-fedora-clang | 1.3.0 | 153.67 | NOTE | |||
r-devel-linux-x86_64-fedora-gcc | 1.3.0 | 153.23 | NOTE | |||
r-devel-windows-x86_64 | 1.3.0 | 43.00 | 143.00 | 186.00 | NOTE | |
r-patched-linux-x86_64 | 1.3.0 | 21.89 | 91.92 | 113.81 | NOTE | |
r-release-linux-x86_64 | 1.3.0 | 19.16 | 94.02 | 113.18 | NOTE | |
r-release-macos-arm64 | 1.3.0 | 53.00 | NOTE | |||
r-release-macos-x86_64 | 1.3.0 | 58.00 | NOTE | |||
r-release-windows-x86_64 | 1.3.0 | 48.00 | 147.00 | 195.00 | NOTE | |
r-oldrel-macos-arm64 | 1.3.0 | 56.00 | NOTE | |||
r-oldrel-macos-x86_64 | 1.3.0 | 92.00 | NOTE | |||
r-oldrel-windows-ix86+x86_64 | 1.3.0 | 54.00 | 150.00 | 204.00 | NOTE |
Version: 1.3.0
Check: LazyData
Result: NOTE
'LazyData' is specified without a 'data' directory
Flavors: r-devel-linux-x86_64-debian-clang, r-devel-linux-x86_64-debian-gcc, r-devel-linux-x86_64-fedora-clang, r-devel-linux-x86_64-fedora-gcc, r-devel-windows-x86_64, r-patched-linux-x86_64, r-release-linux-x86_64, r-release-macos-arm64, r-release-macos-x86_64, r-release-windows-x86_64, r-oldrel-macos-arm64, r-oldrel-macos-x86_64, r-oldrel-windows-ix86+x86_64
Version: 1.3.0
Check: compiled code
Result: NOTE
File ‘PWEALL/libs/PWEALL.so’:
Found no calls to: ‘R_registerRoutines’, ‘R_useDynamicSymbols’
It is good practice to register native routines and to disable symbol
search.
See ‘Writing portable packages’ in the ‘Writing R Extensions’ manual.
Flavors: r-devel-linux-x86_64-fedora-clang, r-devel-linux-x86_64-fedora-gcc