Last updated on 2023-01-26 06:53:05 CET.
Flavor | Version | Tinstall | Tcheck | Ttotal | Status | Flags |
---|---|---|---|---|---|---|
r-devel-linux-x86_64-debian-clang | 1.0 | 33.13 | 28.63 | 61.76 | OK | |
r-devel-linux-x86_64-debian-gcc | 1.0 | 25.60 | 22.97 | 48.57 | OK | |
r-devel-linux-x86_64-fedora-clang | 1.0 | 90.10 | NOTE | |||
r-devel-linux-x86_64-fedora-gcc | 1.0 | 84.31 | NOTE | |||
r-devel-windows-x86_64 | 1.0 | 112.00 | 71.00 | 183.00 | OK | |
r-patched-linux-x86_64 | 1.0 | 29.25 | 28.87 | 58.12 | OK | |
r-release-linux-x86_64 | 1.0 | 27.64 | 29.43 | 57.07 | OK | |
r-release-macos-arm64 | 1.0 | 25.00 | OK | |||
r-release-macos-x86_64 | 1.0 | 35.00 | OK | |||
r-release-windows-x86_64 | 1.0 | 32.00 | 76.00 | 108.00 | OK | |
r-oldrel-macos-arm64 | 1.0 | 30.00 | OK | |||
r-oldrel-macos-x86_64 | 1.0 | 47.00 | OK | |||
r-oldrel-windows-ix86+x86_64 | 1.0 | 83.00 | 79.00 | 162.00 | OK |
Version: 1.0
Check: compiled code
Result: NOTE
File ‘PWD/libs/PWD.so’:
Found no calls to: ‘R_registerRoutines’, ‘R_useDynamicSymbols’
It is good practice to register native routines and to disable symbol
search.
See ‘Writing portable packages’ in the ‘Writing R Extensions’ manual.
Flavors: r-devel-linux-x86_64-fedora-clang, r-devel-linux-x86_64-fedora-gcc